{"id":5962,"date":"2020-05-16T23:54:25","date_gmt":"2020-05-16T20:54:25","guid":{"rendered":"https:\/\/www.ucicmimarlik.com\/wp-content\/uploads\/2020\/05\/L\u00fcks-Cafe-Dekorasyonunda-Kullan\u0131lacak-Mobilyalar-Nas\u0131l-Olmal\u0131d\u0131r3.jpg"},"modified":"2020-05-16T23:54:25","modified_gmt":"2020-05-16T20:54:25","slug":"luks-cafe-dekorasyonunda-kullanilacak-mobilyalar-nasil-olmalidir3","status":"inherit","type":"attachment","link":"https:\/\/www.ucicmimarlik.com\/en\/luks-cafe-dekorasyonunda-kullanilacak-mobilyalar-nasil-olmalidir3\/","title":{"rendered":"L\u00fcks Cafe Dekorasyonunda Kullan\u0131lacak Mobilyalar Nas\u0131l Olmal\u0131d\u0131r3"},"author":5,"comment_status":"open","ping_status":"closed","template":"","meta":[],"aioseo_notices":[],"smush":{"stats":{"percent":4.16962914876297,"bytes":8093,"size_before":194094,"size_after":186001,"time":0.08,"api_version":"1.0","lossy":false,"keep_exif":0},"sizes":{"thumbnail":{"percent":6.45,"bytes":536,"size_before":8308,"size_after":7772,"time":0.01},"medium":{"percent":5.37,"bytes":952,"size_before":17739,"size_after":16787,"time":0.02},"thumb-blog":{"percent":4.32,"bytes":1746,"size_before":40427,"size_after":38681,"time":0.01},"thumb-portfolio":{"percent":3.72,"bytes":2564,"size_before":68989,"size_after":66425,"time":0.02},"thumb-service":{"percent":3.91,"bytes":2295,"size_before":58631,"size_after":56336,"time":0.02}}},"description":{"rendered":"<p class=\"attachment\"><a href='https:\/\/www.ucicmimarlik.com\/wp-content\/uploads\/2020\/05\/L\u00fcks-Cafe-Dekorasyonunda-Kullan\u0131lacak-Mobilyalar-Nas\u0131l-Olmal\u0131d\u0131r3.jpg'><img fetchpriority=\"high\" width=\"300\" height=\"184\" src=\"https:\/\/www.ucicmimarlik.com\/wp-content\/uploads\/2020\/05\/L\u00fcks-Cafe-Dekorasyonunda-Kullan\u0131lacak-Mobilyalar-Nas\u0131l-Olmal\u0131d\u0131r3-300x184.jpg\" class=\"attachment-medium size-medium\" alt=\"\" decoding=\"async\" srcset=\"https:\/\/www.ucicmimarlik.com\/wp-content\/uploads\/2020\/05\/L\u00fcks-Cafe-Dekorasyonunda-Kullan\u0131lacak-Mobilyalar-Nas\u0131l-Olmal\u0131d\u0131r3-300x184.jpg 300w, https:\/\/www.ucicmimarlik.com\/wp-content\/uploads\/2020\/05\/L\u00fcks-Cafe-Dekorasyonunda-Kullan\u0131lacak-Mobilyalar-Nas\u0131l-Olmal\u0131d\u0131r3.jpg 700w\" sizes=\"(max-width: 300px) 100vw, 300px\" \/><\/a><\/p>\n"},"caption":{"rendered":""},"alt_text":"","media_type":"image","mime_type":"image\/jpeg","media_details":{"width":700,"height":430,"file":"2020\/05\/L\u00fcks-Cafe-Dekorasyonunda-Kullan\u0131lacak-Mobilyalar-Nas\u0131l-Olmal\u0131d\u0131r3.jpg","sizes":{"thumbnail":{"file":"L\u00fcks-Cafe-Dekorasyonunda-Kullan\u0131lacak-Mobilyalar-Nas\u0131l-Olmal\u0131d\u0131r3-150x150.jpg","width":150,"height":150,"mime_type":"image\/jpeg","source_url":"https:\/\/www.ucicmimarlik.com\/wp-content\/uploads\/2020\/05\/L\u00fcks-Cafe-Dekorasyonunda-Kullan\u0131lacak-Mobilyalar-Nas\u0131l-Olmal\u0131d\u0131r3-150x150.jpg"},"medium":{"file":"L\u00fcks-Cafe-Dekorasyonunda-Kullan\u0131lacak-Mobilyalar-Nas\u0131l-Olmal\u0131d\u0131r3-300x184.jpg","width":300,"height":184,"mime_type":"image\/jpeg","source_url":"https:\/\/www.ucicmimarlik.com\/wp-content\/uploads\/2020\/05\/L\u00fcks-Cafe-Dekorasyonunda-Kullan\u0131lacak-Mobilyalar-Nas\u0131l-Olmal\u0131d\u0131r3-300x184.jpg"},"thumb-blog":{"file":"L\u00fcks-Cafe-Dekorasyonunda-Kullan\u0131lacak-Mobilyalar-Nas\u0131l-Olmal\u0131d\u0131r3-540x300.jpg","width":540,"height":300,"mime_type":"image\/jpeg","source_url":"https:\/\/www.ucicmimarlik.com\/wp-content\/uploads\/2020\/05\/L\u00fcks-Cafe-Dekorasyonunda-Kullan\u0131lacak-Mobilyalar-Nas\u0131l-Olmal\u0131d\u0131r3-540x300.jpg"},"thumb-portfolio":{"file":"L\u00fcks-Cafe-Dekorasyonunda-Kullan\u0131lacak-Mobilyalar-Nas\u0131l-Olmal\u0131d\u0131r3-700x430.jpg","width":700,"height":430,"mime_type":"image\/jpeg","source_url":"https:\/\/www.ucicmimarlik.com\/wp-content\/uploads\/2020\/05\/L\u00fcks-Cafe-Dekorasyonunda-Kullan\u0131lacak-Mobilyalar-Nas\u0131l-Olmal\u0131d\u0131r3-700x430.jpg"},"thumb-service":{"file":"L\u00fcks-Cafe-Dekorasyonunda-Kullan\u0131lacak-Mobilyalar-Nas\u0131l-Olmal\u0131d\u0131r3-700x358.jpg","width":700,"height":358,"mime_type":"image\/jpeg","source_url":"https:\/\/www.ucicmimarlik.com\/wp-content\/uploads\/2020\/05\/L\u00fcks-Cafe-Dekorasyonunda-Kullan\u0131lacak-Mobilyalar-Nas\u0131l-Olmal\u0131d\u0131r3-700x358.jpg"},"full":{"file":"L\u00fcks-Cafe-Dekorasyonunda-Kullan\u0131lacak-Mobilyalar-Nas\u0131l-Olmal\u0131d\u0131r3.jpg","width":700,"height":430,"mime_type":"image\/jpeg","source_url":"https:\/\/www.ucicmimarlik.com\/wp-content\/uploads\/2020\/05\/L\u00fcks-Cafe-Dekorasyonunda-Kullan\u0131lacak-Mobilyalar-Nas\u0131l-Olmal\u0131d\u0131r3.jpg"}},"image_meta":{"aperture":"0","credit":"","camera":"","caption":"","created_timestamp":"0","copyright":"","focal_length":"0","iso":"0","shutter_speed":"0","title":"","orientation":"1","keywords":[]}},"post":null,"source_url":"https:\/\/www.ucicmimarlik.com\/wp-content\/uploads\/2020\/05\/L\u00fcks-Cafe-Dekorasyonunda-Kullan\u0131lacak-Mobilyalar-Nas\u0131l-Olmal\u0131d\u0131r3.jpg","_links":{"self":[{"href":"https:\/\/www.ucicmimarlik.com\/en\/wp-json\/wp\/v2\/media\/5962"}],"collection":[{"href":"https:\/\/www.ucicmimarlik.com\/en\/wp-json\/wp\/v2\/media"}],"about":[{"href":"https:\/\/www.ucicmimarlik.com\/en\/wp-json\/wp\/v2\/types\/attachment"}],"author":[{"embeddable":true,"href":"https:\/\/www.ucicmimarlik.com\/en\/wp-json\/wp\/v2\/users\/5"}],"replies":[{"embeddable":true,"href":"https:\/\/www.ucicmimarlik.com\/en\/wp-json\/wp\/v2\/comments?post=5962"}]}}

https://www.ucicmimarlik.com/wp-content/uploads/2020/05/Lüks-Cafe-Dekorasyonunda-Kullanılacak-Mobilyalar-Nasıl-Olmalıdır3.jpg

Lüks Cafe Dekorasyonunda Kullanılacak Mobilyalar Nasıl Olmalıdır3

<p class="attachment"><a href='https://www.ucicmimarlik.com/wp-content/uploads/2020/05/Lüks-Cafe-Dekorasyonunda-Kullanılacak-Mobilyalar-Nasıl-Olmalıdır3.jpg'><img fetchpriority="high" width="300" height="184" src="https://www.ucicmimarlik.com/wp-content/uploads/2020/05/Lüks-Cafe-Dekorasyonunda-Kullanılacak-Mobilyalar-Nasıl-Olmalıdır3-300x184.jpg" class="attachment-medium size-medium" alt="" decoding="async" srcset="https://www.ucicmimarlik.com/wp-content/uploads/2020/05/Lüks-Cafe-Dekorasyonunda-Kullanılacak-Mobilyalar-Nasıl-Olmalıdır3-300x184.jpg 300w, https://www.ucicmimarlik.com/wp-content/uploads/2020/05/Lüks-Cafe-Dekorasyonunda-Kullanılacak-Mobilyalar-Nasıl-Olmalıdır3.jpg 700w" sizes="(max-width: 300px) 100vw, 300px" /></a></p>

2020/05/Lüks-Cafe-Dekorasyonunda-Kullanılacak-Mobilyalar-Nasıl-Olmalıdır3.jpg

Lüks-Cafe-Dekorasyonunda-Kullanılacak-Mobilyalar-Nasıl-Olmalıdır3-150x150.jpg

https://www.ucicmimarlik.com/wp-content/uploads/2020/05/Lüks-Cafe-Dekorasyonunda-Kullanılacak-Mobilyalar-Nasıl-Olmalıdır3-150x150.jpg

Lüks-Cafe-Dekorasyonunda-Kullanılacak-Mobilyalar-Nasıl-Olmalıdır3-300x184.jpg

https://www.ucicmimarlik.com/wp-content/uploads/2020/05/Lüks-Cafe-Dekorasyonunda-Kullanılacak-Mobilyalar-Nasıl-Olmalıdır3-300x184.jpg

Lüks-Cafe-Dekorasyonunda-Kullanılacak-Mobilyalar-Nasıl-Olmalıdır3-540x300.jpg

https://www.ucicmimarlik.com/wp-content/uploads/2020/05/Lüks-Cafe-Dekorasyonunda-Kullanılacak-Mobilyalar-Nasıl-Olmalıdır3-540x300.jpg

Lüks-Cafe-Dekorasyonunda-Kullanılacak-Mobilyalar-Nasıl-Olmalıdır3-700x430.jpg

https://www.ucicmimarlik.com/wp-content/uploads/2020/05/Lüks-Cafe-Dekorasyonunda-Kullanılacak-Mobilyalar-Nasıl-Olmalıdır3-700x430.jpg

Lüks-Cafe-Dekorasyonunda-Kullanılacak-Mobilyalar-Nasıl-Olmalıdır3-700x358.jpg

https://www.ucicmimarlik.com/wp-content/uploads/2020/05/Lüks-Cafe-Dekorasyonunda-Kullanılacak-Mobilyalar-Nasıl-Olmalıdır3-700x358.jpg

Lüks-Cafe-Dekorasyonunda-Kullanılacak-Mobilyalar-Nasıl-Olmalıdır3.jpg
