{"id":5233,"date":"2019-06-01T23:57:14","date_gmt":"2019-06-01T20:57:14","guid":{"rendered":"http:\/\/www.ucicmimarlik.com\/wp-content\/uploads\/2019\/06\/Banyo-Dekorasyonunda-Du\u015fakabinin-\u00d6nemi2.jpg"},"modified":"2019-06-01T23:57:39","modified_gmt":"2019-06-01T20:57:39","slug":"banyo-dekorasyonunda-dusakabinin-onemi2","status":"inherit","type":"attachment","link":"https:\/\/www.ucicmimarlik.com\/en\/banyo-dekorasyonunda-dusakabinin-onemi2\/","title":{"rendered":"Banyo Dekorasyonunda Du\u015fakabinin \u00d6nemi2"},"author":5,"comment_status":"open","ping_status":"closed","template":"","meta":[],"aioseo_notices":[],"smush":{"stats":{"percent":3.2110342671824323,"bytes":4109,"size_before":127965,"size_after":123856,"time":0.09000000000000001,"api_version":"1.0","lossy":false,"keep_exif":0},"sizes":{"thumbnail":{"percent":4.96,"bytes":248,"size_before":4999,"size_after":4751,"time":0.01},"medium":{"percent":3.63,"bytes":407,"size_before":11209,"size_after":10802,"time":0.01},"thumb-blog":{"percent":3.14,"bytes":813,"size_before":25874,"size_after":25061,"time":0.02},"thumb-portfolio":{"percent":2.98,"bytes":1375,"size_before":46117,"size_after":44742,"time":0.03},"thumb-service":{"percent":3.18,"bytes":1266,"size_before":39766,"size_after":38500,"time":0.02}}},"description":{"rendered":"<p class=\"attachment\"><a href='https:\/\/www.ucicmimarlik.com\/wp-content\/uploads\/2019\/06\/Banyo-Dekorasyonunda-Du\u015fakabinin-\u00d6nemi2.jpg'><img fetchpriority=\"high\" width=\"300\" height=\"200\" src=\"https:\/\/www.ucicmimarlik.com\/wp-content\/uploads\/2019\/06\/Banyo-Dekorasyonunda-Du\u015fakabinin-\u00d6nemi2-300x200.jpg\" class=\"attachment-medium size-medium\" alt=\"\" decoding=\"async\" srcset=\"https:\/\/www.ucicmimarlik.com\/wp-content\/uploads\/2019\/06\/Banyo-Dekorasyonunda-Du\u015fakabinin-\u00d6nemi2-300x200.jpg 300w, https:\/\/www.ucicmimarlik.com\/wp-content\/uploads\/2019\/06\/Banyo-Dekorasyonunda-Du\u015fakabinin-\u00d6nemi2.jpg 700w\" sizes=\"(max-width: 300px) 100vw, 300px\" \/><\/a><\/p>\n"},"caption":{"rendered":"<p>Banyo Dekorasyonunda Du\u015fakabinin \u00d6nemi<\/p>\n"},"alt_text":"","media_type":"image","mime_type":"image\/jpeg","media_details":{"width":700,"height":467,"file":"2019\/06\/Banyo-Dekorasyonunda-Du\u015fakabinin-\u00d6nemi2.jpg","sizes":{"thumbnail":{"file":"Banyo-Dekorasyonunda-Du\u015fakabinin-\u00d6nemi2-150x150.jpg","width":150,"height":150,"mime_type":"image\/jpeg","source_url":"https:\/\/www.ucicmimarlik.com\/wp-content\/uploads\/2019\/06\/Banyo-Dekorasyonunda-Du\u015fakabinin-\u00d6nemi2-150x150.jpg"},"medium":{"file":"Banyo-Dekorasyonunda-Du\u015fakabinin-\u00d6nemi2-300x200.jpg","width":300,"height":200,"mime_type":"image\/jpeg","source_url":"https:\/\/www.ucicmimarlik.com\/wp-content\/uploads\/2019\/06\/Banyo-Dekorasyonunda-Du\u015fakabinin-\u00d6nemi2-300x200.jpg"},"thumb-blog":{"file":"Banyo-Dekorasyonunda-Du\u015fakabinin-\u00d6nemi2-540x300.jpg","width":540,"height":300,"mime_type":"image\/jpeg","source_url":"https:\/\/www.ucicmimarlik.com\/wp-content\/uploads\/2019\/06\/Banyo-Dekorasyonunda-Du\u015fakabinin-\u00d6nemi2-540x300.jpg"},"thumb-portfolio":{"file":"Banyo-Dekorasyonunda-Du\u015fakabinin-\u00d6nemi2-700x466.jpg","width":700,"height":466,"mime_type":"image\/jpeg","source_url":"https:\/\/www.ucicmimarlik.com\/wp-content\/uploads\/2019\/06\/Banyo-Dekorasyonunda-Du\u015fakabinin-\u00d6nemi2-700x466.jpg"},"thumb-service":{"file":"Banyo-Dekorasyonunda-Du\u015fakabinin-\u00d6nemi2-700x358.jpg","width":700,"height":358,"mime_type":"image\/jpeg","source_url":"https:\/\/www.ucicmimarlik.com\/wp-content\/uploads\/2019\/06\/Banyo-Dekorasyonunda-Du\u015fakabinin-\u00d6nemi2-700x358.jpg"},"full":{"file":"Banyo-Dekorasyonunda-Du\u015fakabinin-\u00d6nemi2.jpg","width":700,"height":467,"mime_type":"image\/jpeg","source_url":"https:\/\/www.ucicmimarlik.com\/wp-content\/uploads\/2019\/06\/Banyo-Dekorasyonunda-Du\u015fakabinin-\u00d6nemi2.jpg"}},"image_meta":{"aperture":"0","credit":"","camera":"","caption":"","created_timestamp":"0","copyright":"","focal_length":"0","iso":"0","shutter_speed":"0","title":"","orientation":"0","keywords":[]}},"post":null,"source_url":"https:\/\/www.ucicmimarlik.com\/wp-content\/uploads\/2019\/06\/Banyo-Dekorasyonunda-Du\u015fakabinin-\u00d6nemi2.jpg","_links":{"self":[{"href":"https:\/\/www.ucicmimarlik.com\/en\/wp-json\/wp\/v2\/media\/5233"}],"collection":[{"href":"https:\/\/www.ucicmimarlik.com\/en\/wp-json\/wp\/v2\/media"}],"about":[{"href":"https:\/\/www.ucicmimarlik.com\/en\/wp-json\/wp\/v2\/types\/attachment"}],"author":[{"embeddable":true,"href":"https:\/\/www.ucicmimarlik.com\/en\/wp-json\/wp\/v2\/users\/5"}],"replies":[{"embeddable":true,"href":"https:\/\/www.ucicmimarlik.com\/en\/wp-json\/wp\/v2\/comments?post=5233"}]}}

http://www.ucicmimarlik.com/wp-content/uploads/2019/06/Banyo-Dekorasyonunda-Duşakabinin-Önemi2.jpg

Banyo Dekorasyonunda Duşakabinin Önemi2

<p class="attachment"><a href='https://www.ucicmimarlik.com/wp-content/uploads/2019/06/Banyo-Dekorasyonunda-Duşakabinin-Önemi2.jpg'><img fetchpriority="high" width="300" height="200" src="https://www.ucicmimarlik.com/wp-content/uploads/2019/06/Banyo-Dekorasyonunda-Duşakabinin-Önemi2-300x200.jpg" class="attachment-medium size-medium" alt="" decoding="async" srcset="https://www.ucicmimarlik.com/wp-content/uploads/2019/06/Banyo-Dekorasyonunda-Duşakabinin-Önemi2-300x200.jpg 300w, https://www.ucicmimarlik.com/wp-content/uploads/2019/06/Banyo-Dekorasyonunda-Duşakabinin-Önemi2.jpg 700w" sizes="(max-width: 300px) 100vw, 300px" /></a></p>

<p>Banyo Dekorasyonunda Duşakabinin Önemi</p>

2019/06/Banyo-Dekorasyonunda-Duşakabinin-Önemi2.jpg

Banyo-Dekorasyonunda-Duşakabinin-Önemi2-150x150.jpg

https://www.ucicmimarlik.com/wp-content/uploads/2019/06/Banyo-Dekorasyonunda-Duşakabinin-Önemi2-150x150.jpg

Banyo-Dekorasyonunda-Duşakabinin-Önemi2-300x200.jpg

https://www.ucicmimarlik.com/wp-content/uploads/2019/06/Banyo-Dekorasyonunda-Duşakabinin-Önemi2-300x200.jpg

Banyo-Dekorasyonunda-Duşakabinin-Önemi2-540x300.jpg

https://www.ucicmimarlik.com/wp-content/uploads/2019/06/Banyo-Dekorasyonunda-Duşakabinin-Önemi2-540x300.jpg

Banyo-Dekorasyonunda-Duşakabinin-Önemi2-700x466.jpg

https://www.ucicmimarlik.com/wp-content/uploads/2019/06/Banyo-Dekorasyonunda-Duşakabinin-Önemi2-700x466.jpg

Banyo-Dekorasyonunda-Duşakabinin-Önemi2-700x358.jpg

https://www.ucicmimarlik.com/wp-content/uploads/2019/06/Banyo-Dekorasyonunda-Duşakabinin-Önemi2-700x358.jpg

Banyo-Dekorasyonunda-Duşakabinin-Önemi2.jpg

https://www.ucicmimarlik.com/wp-content/uploads/2019/06/Banyo-Dekorasyonunda-Duşakabinin-Önemi2.jpg
