{"id":4925,"date":"2019-04-07T17:22:20","date_gmt":"2019-04-07T14:22:20","guid":{"rendered":"http:\/\/www.ucicmimarlik.com\/wp-content\/uploads\/2019\/04\/Ev-Dekorasyonunda-Perde-Se\u00e7imi-Nas\u0131l-Olmal\u01313.jpeg"},"modified":"2019-04-07T17:23:15","modified_gmt":"2019-04-07T14:23:15","slug":"ev-dekorasyonunda-perde-secimi-nasil-olmali3","status":"inherit","type":"attachment","link":"https:\/\/www.ucicmimarlik.com\/en\/ev-dekorasyonunda-perde-secimi-nasil-olmali3\/","title":{"rendered":"Ev Dekorasyonunda Perde Se\u00e7imi Nas\u0131l Olmal\u01313"},"author":5,"comment_status":"open","ping_status":"closed","template":"","meta":[],"aioseo_notices":[],"smush":{"stats":{"percent":3.8545582208986304,"bytes":6368,"size_before":165207,"size_after":158839,"time":0.1,"api_version":"1.0","lossy":false,"keep_exif":0},"sizes":{"thumbnail":{"percent":6.54,"bytes":505,"size_before":7722,"size_after":7217,"time":0.01},"medium":{"percent":5.65,"bytes":954,"size_before":16890,"size_after":15936,"time":0.01},"thumb-blog":{"percent":3.84,"bytes":1289,"size_before":33604,"size_after":32315,"time":0.03},"thumb-portfolio":{"percent":3.38,"bytes":2035,"size_before":60234,"size_after":58199,"time":0.02},"thumb-service":{"percent":3.39,"bytes":1585,"size_before":46757,"size_after":45172,"time":0.03}}},"description":{"rendered":"<p class=\"attachment\"><a href='https:\/\/www.ucicmimarlik.com\/wp-content\/uploads\/2019\/04\/Ev-Dekorasyonunda-Perde-Se\u00e7imi-Nas\u0131l-Olmal\u01313.jpeg'><img fetchpriority=\"high\" width=\"300\" height=\"206\" src=\"https:\/\/www.ucicmimarlik.com\/wp-content\/uploads\/2019\/04\/Ev-Dekorasyonunda-Perde-Se\u00e7imi-Nas\u0131l-Olmal\u01313-300x206.jpeg\" class=\"attachment-medium size-medium\" alt=\"\" decoding=\"async\" srcset=\"https:\/\/www.ucicmimarlik.com\/wp-content\/uploads\/2019\/04\/Ev-Dekorasyonunda-Perde-Se\u00e7imi-Nas\u0131l-Olmal\u01313-300x206.jpeg 300w, https:\/\/www.ucicmimarlik.com\/wp-content\/uploads\/2019\/04\/Ev-Dekorasyonunda-Perde-Se\u00e7imi-Nas\u0131l-Olmal\u01313.jpeg 700w\" sizes=\"(max-width: 300px) 100vw, 300px\" \/><\/a><\/p>\n"},"caption":{"rendered":"<p>Ev Dekorasyonunda Perde Se\u00e7imi Nas\u0131l Olmal\u0131<\/p>\n"},"alt_text":"","media_type":"image","mime_type":"image\/jpeg","media_details":{"width":700,"height":481,"file":"2019\/04\/Ev-Dekorasyonunda-Perde-Se\u00e7imi-Nas\u0131l-Olmal\u01313.jpeg","sizes":{"thumbnail":{"file":"Ev-Dekorasyonunda-Perde-Se\u00e7imi-Nas\u0131l-Olmal\u01313-150x150.jpeg","width":150,"height":150,"mime_type":"image\/jpeg","source_url":"https:\/\/www.ucicmimarlik.com\/wp-content\/uploads\/2019\/04\/Ev-Dekorasyonunda-Perde-Se\u00e7imi-Nas\u0131l-Olmal\u01313-150x150.jpeg"},"medium":{"file":"Ev-Dekorasyonunda-Perde-Se\u00e7imi-Nas\u0131l-Olmal\u01313-300x206.jpeg","width":300,"height":206,"mime_type":"image\/jpeg","source_url":"https:\/\/www.ucicmimarlik.com\/wp-content\/uploads\/2019\/04\/Ev-Dekorasyonunda-Perde-Se\u00e7imi-Nas\u0131l-Olmal\u01313-300x206.jpeg"},"thumb-blog":{"file":"Ev-Dekorasyonunda-Perde-Se\u00e7imi-Nas\u0131l-Olmal\u01313-540x300.jpeg","width":540,"height":300,"mime_type":"image\/jpeg","source_url":"https:\/\/www.ucicmimarlik.com\/wp-content\/uploads\/2019\/04\/Ev-Dekorasyonunda-Perde-Se\u00e7imi-Nas\u0131l-Olmal\u01313-540x300.jpeg"},"thumb-portfolio":{"file":"Ev-Dekorasyonunda-Perde-Se\u00e7imi-Nas\u0131l-Olmal\u01313-700x466.jpeg","width":700,"height":466,"mime_type":"image\/jpeg","source_url":"https:\/\/www.ucicmimarlik.com\/wp-content\/uploads\/2019\/04\/Ev-Dekorasyonunda-Perde-Se\u00e7imi-Nas\u0131l-Olmal\u01313-700x466.jpeg"},"thumb-service":{"file":"Ev-Dekorasyonunda-Perde-Se\u00e7imi-Nas\u0131l-Olmal\u01313-700x358.jpeg","width":700,"height":358,"mime_type":"image\/jpeg","source_url":"https:\/\/www.ucicmimarlik.com\/wp-content\/uploads\/2019\/04\/Ev-Dekorasyonunda-Perde-Se\u00e7imi-Nas\u0131l-Olmal\u01313-700x358.jpeg"},"full":{"file":"Ev-Dekorasyonunda-Perde-Se\u00e7imi-Nas\u0131l-Olmal\u01313.jpeg","width":700,"height":481,"mime_type":"image\/jpeg","source_url":"https:\/\/www.ucicmimarlik.com\/wp-content\/uploads\/2019\/04\/Ev-Dekorasyonunda-Perde-Se\u00e7imi-Nas\u0131l-Olmal\u01313.jpeg"}},"image_meta":{"aperture":"0","credit":"","camera":"","caption":"","created_timestamp":"0","copyright":"","focal_length":"0","iso":"0","shutter_speed":"0","title":"","orientation":"0","keywords":[]}},"post":null,"source_url":"https:\/\/www.ucicmimarlik.com\/wp-content\/uploads\/2019\/04\/Ev-Dekorasyonunda-Perde-Se\u00e7imi-Nas\u0131l-Olmal\u01313.jpeg","_links":{"self":[{"href":"https:\/\/www.ucicmimarlik.com\/en\/wp-json\/wp\/v2\/media\/4925"}],"collection":[{"href":"https:\/\/www.ucicmimarlik.com\/en\/wp-json\/wp\/v2\/media"}],"about":[{"href":"https:\/\/www.ucicmimarlik.com\/en\/wp-json\/wp\/v2\/types\/attachment"}],"author":[{"embeddable":true,"href":"https:\/\/www.ucicmimarlik.com\/en\/wp-json\/wp\/v2\/users\/5"}],"replies":[{"embeddable":true,"href":"https:\/\/www.ucicmimarlik.com\/en\/wp-json\/wp\/v2\/comments?post=4925"}]}}

http://www.ucicmimarlik.com/wp-content/uploads/2019/04/Ev-Dekorasyonunda-Perde-Seçimi-Nasıl-Olmalı3.jpeg

Ev Dekorasyonunda Perde Seçimi Nasıl Olmalı3

<p class="attachment"><a href='https://www.ucicmimarlik.com/wp-content/uploads/2019/04/Ev-Dekorasyonunda-Perde-Seçimi-Nasıl-Olmalı3.jpeg'><img fetchpriority="high" width="300" height="206" src="https://www.ucicmimarlik.com/wp-content/uploads/2019/04/Ev-Dekorasyonunda-Perde-Seçimi-Nasıl-Olmalı3-300x206.jpeg" class="attachment-medium size-medium" alt="" decoding="async" srcset="https://www.ucicmimarlik.com/wp-content/uploads/2019/04/Ev-Dekorasyonunda-Perde-Seçimi-Nasıl-Olmalı3-300x206.jpeg 300w, https://www.ucicmimarlik.com/wp-content/uploads/2019/04/Ev-Dekorasyonunda-Perde-Seçimi-Nasıl-Olmalı3.jpeg 700w" sizes="(max-width: 300px) 100vw, 300px" /></a></p>

<p>Ev Dekorasyonunda Perde Seçimi Nasıl Olmalı</p>

2019/04/Ev-Dekorasyonunda-Perde-Seçimi-Nasıl-Olmalı3.jpeg

Ev-Dekorasyonunda-Perde-Seçimi-Nasıl-Olmalı3-150x150.jpeg

https://www.ucicmimarlik.com/wp-content/uploads/2019/04/Ev-Dekorasyonunda-Perde-Seçimi-Nasıl-Olmalı3-150x150.jpeg

Ev-Dekorasyonunda-Perde-Seçimi-Nasıl-Olmalı3-300x206.jpeg

https://www.ucicmimarlik.com/wp-content/uploads/2019/04/Ev-Dekorasyonunda-Perde-Seçimi-Nasıl-Olmalı3-300x206.jpeg

Ev-Dekorasyonunda-Perde-Seçimi-Nasıl-Olmalı3-540x300.jpeg

https://www.ucicmimarlik.com/wp-content/uploads/2019/04/Ev-Dekorasyonunda-Perde-Seçimi-Nasıl-Olmalı3-540x300.jpeg

Ev-Dekorasyonunda-Perde-Seçimi-Nasıl-Olmalı3-700x466.jpeg

https://www.ucicmimarlik.com/wp-content/uploads/2019/04/Ev-Dekorasyonunda-Perde-Seçimi-Nasıl-Olmalı3-700x466.jpeg

Ev-Dekorasyonunda-Perde-Seçimi-Nasıl-Olmalı3-700x358.jpeg

https://www.ucicmimarlik.com/wp-content/uploads/2019/04/Ev-Dekorasyonunda-Perde-Seçimi-Nasıl-Olmalı3-700x358.jpeg

Ev-Dekorasyonunda-Perde-Seçimi-Nasıl-Olmalı3.jpeg

https://www.ucicmimarlik.com/wp-content/uploads/2019/04/Ev-Dekorasyonunda-Perde-Seçimi-Nasıl-Olmalı3.jpeg
