{"id":4919,"date":"2019-04-05T17:44:07","date_gmt":"2019-04-05T14:44:07","guid":{"rendered":"http:\/\/www.ucicmimarlik.com\/wp-content\/uploads\/2019\/04\/Ev-Dekore-Edilirken-Nerden-Ba\u015flanmal\u01314.jpg"},"modified":"2019-04-05T17:44:12","modified_gmt":"2019-04-05T14:44:12","slug":"ev-dekore-edilirken-nerden-baslanmali4","status":"inherit","type":"attachment","link":"https:\/\/www.ucicmimarlik.com\/en\/ev-dekore-edilirken-nerden-baslanmali4\/","title":{"rendered":"Ev Dekore Edilirken Nerden Ba\u015flanmal\u01314"},"author":5,"comment_status":"open","ping_status":"closed","template":"","meta":[],"aioseo_notices":[],"smush":{"stats":{"percent":4.722009496094348,"bytes":9249,"size_before":195870,"size_after":186621,"time":0.12000000000000001,"api_version":"1.0","lossy":false,"keep_exif":0},"sizes":{"thumbnail":{"percent":5.4,"bytes":323,"size_before":5976,"size_after":5653,"time":0.01},"medium":{"percent":5.11,"bytes":634,"size_before":12415,"size_after":11781,"time":0.02},"medium_large":{"percent":4.52,"bytes":2276,"size_before":50350,"size_after":48074,"time":0.02},"thumb-blog":{"percent":4.54,"bytes":1354,"size_before":29846,"size_after":28492,"time":0.02},"thumb-portfolio":{"percent":5.08,"bytes":2797,"size_before":55064,"size_after":52267,"time":0.03},"thumb-service":{"percent":4.42,"bytes":1865,"size_before":42219,"size_after":40354,"time":0.02}}},"description":{"rendered":"<p class=\"attachment\"><a href='https:\/\/www.ucicmimarlik.com\/wp-content\/uploads\/2019\/04\/Ev-Dekore-Edilirken-Nerden-Ba\u015flanmal\u01314.jpg'><img fetchpriority=\"high\" width=\"300\" height=\"168\" src=\"https:\/\/www.ucicmimarlik.com\/wp-content\/uploads\/2019\/04\/Ev-Dekore-Edilirken-Nerden-Ba\u015flanmal\u01314-300x168.jpg\" class=\"attachment-medium size-medium\" alt=\"\" decoding=\"async\" srcset=\"https:\/\/www.ucicmimarlik.com\/wp-content\/uploads\/2019\/04\/Ev-Dekore-Edilirken-Nerden-Ba\u015flanmal\u01314-300x168.jpg 300w, https:\/\/www.ucicmimarlik.com\/wp-content\/uploads\/2019\/04\/Ev-Dekore-Edilirken-Nerden-Ba\u015flanmal\u01314-768x431.jpg 768w, https:\/\/www.ucicmimarlik.com\/wp-content\/uploads\/2019\/04\/Ev-Dekore-Edilirken-Nerden-Ba\u015flanmal\u01314-540x300.jpg 540w, https:\/\/www.ucicmimarlik.com\/wp-content\/uploads\/2019\/04\/Ev-Dekore-Edilirken-Nerden-Ba\u015flanmal\u01314.jpg 800w\" sizes=\"(max-width: 300px) 100vw, 300px\" \/><\/a><\/p>\n"},"caption":{"rendered":"<p>Ev Dekore Edilirken Nerden Ba\u015flanmal\u0131<\/p>\n"},"alt_text":"","media_type":"image","mime_type":"image\/jpeg","media_details":{"width":800,"height":449,"file":"2019\/04\/Ev-Dekore-Edilirken-Nerden-Ba\u015flanmal\u01314.jpg","sizes":{"thumbnail":{"file":"Ev-Dekore-Edilirken-Nerden-Ba\u015flanmal\u01314-150x150.jpg","width":150,"height":150,"mime_type":"image\/jpeg","source_url":"https:\/\/www.ucicmimarlik.com\/wp-content\/uploads\/2019\/04\/Ev-Dekore-Edilirken-Nerden-Ba\u015flanmal\u01314-150x150.jpg"},"medium":{"file":"Ev-Dekore-Edilirken-Nerden-Ba\u015flanmal\u01314-300x168.jpg","width":300,"height":168,"mime_type":"image\/jpeg","source_url":"https:\/\/www.ucicmimarlik.com\/wp-content\/uploads\/2019\/04\/Ev-Dekore-Edilirken-Nerden-Ba\u015flanmal\u01314-300x168.jpg"},"medium_large":{"file":"Ev-Dekore-Edilirken-Nerden-Ba\u015flanmal\u01314-768x431.jpg","width":768,"height":431,"mime_type":"image\/jpeg","source_url":"https:\/\/www.ucicmimarlik.com\/wp-content\/uploads\/2019\/04\/Ev-Dekore-Edilirken-Nerden-Ba\u015flanmal\u01314-768x431.jpg"},"thumb-blog":{"file":"Ev-Dekore-Edilirken-Nerden-Ba\u015flanmal\u01314-540x300.jpg","width":540,"height":300,"mime_type":"image\/jpeg","source_url":"https:\/\/www.ucicmimarlik.com\/wp-content\/uploads\/2019\/04\/Ev-Dekore-Edilirken-Nerden-Ba\u015flanmal\u01314-540x300.jpg"},"thumb-portfolio":{"file":"Ev-Dekore-Edilirken-Nerden-Ba\u015flanmal\u01314-700x449.jpg","width":700,"height":449,"mime_type":"image\/jpeg","source_url":"https:\/\/www.ucicmimarlik.com\/wp-content\/uploads\/2019\/04\/Ev-Dekore-Edilirken-Nerden-Ba\u015flanmal\u01314-700x449.jpg"},"thumb-service":{"file":"Ev-Dekore-Edilirken-Nerden-Ba\u015flanmal\u01314-700x358.jpg","width":700,"height":358,"mime_type":"image\/jpeg","source_url":"https:\/\/www.ucicmimarlik.com\/wp-content\/uploads\/2019\/04\/Ev-Dekore-Edilirken-Nerden-Ba\u015flanmal\u01314-700x358.jpg"},"full":{"file":"Ev-Dekore-Edilirken-Nerden-Ba\u015flanmal\u01314.jpg","width":800,"height":449,"mime_type":"image\/jpeg","source_url":"https:\/\/www.ucicmimarlik.com\/wp-content\/uploads\/2019\/04\/Ev-Dekore-Edilirken-Nerden-Ba\u015flanmal\u01314.jpg"}},"image_meta":{"aperture":"0","credit":"","camera":"","caption":"","created_timestamp":"0","copyright":"","focal_length":"0","iso":"0","shutter_speed":"0","title":"","orientation":"0","keywords":[]}},"post":null,"source_url":"https:\/\/www.ucicmimarlik.com\/wp-content\/uploads\/2019\/04\/Ev-Dekore-Edilirken-Nerden-Ba\u015flanmal\u01314.jpg","_links":{"self":[{"href":"https:\/\/www.ucicmimarlik.com\/en\/wp-json\/wp\/v2\/media\/4919"}],"collection":[{"href":"https:\/\/www.ucicmimarlik.com\/en\/wp-json\/wp\/v2\/media"}],"about":[{"href":"https:\/\/www.ucicmimarlik.com\/en\/wp-json\/wp\/v2\/types\/attachment"}],"author":[{"embeddable":true,"href":"https:\/\/www.ucicmimarlik.com\/en\/wp-json\/wp\/v2\/users\/5"}],"replies":[{"embeddable":true,"href":"https:\/\/www.ucicmimarlik.com\/en\/wp-json\/wp\/v2\/comments?post=4919"}]}}

http://www.ucicmimarlik.com/wp-content/uploads/2019/04/Ev-Dekore-Edilirken-Nerden-Başlanmalı4.jpg

Ev Dekore Edilirken Nerden Başlanmalı4

<p class="attachment"><a href='https://www.ucicmimarlik.com/wp-content/uploads/2019/04/Ev-Dekore-Edilirken-Nerden-Başlanmalı4.jpg'><img fetchpriority="high" width="300" height="168" src="https://www.ucicmimarlik.com/wp-content/uploads/2019/04/Ev-Dekore-Edilirken-Nerden-Başlanmalı4-300x168.jpg" class="attachment-medium size-medium" alt="" decoding="async" srcset="https://www.ucicmimarlik.com/wp-content/uploads/2019/04/Ev-Dekore-Edilirken-Nerden-Başlanmalı4-300x168.jpg 300w, https://www.ucicmimarlik.com/wp-content/uploads/2019/04/Ev-Dekore-Edilirken-Nerden-Başlanmalı4-768x431.jpg 768w, https://www.ucicmimarlik.com/wp-content/uploads/2019/04/Ev-Dekore-Edilirken-Nerden-Başlanmalı4-540x300.jpg 540w, https://www.ucicmimarlik.com/wp-content/uploads/2019/04/Ev-Dekore-Edilirken-Nerden-Başlanmalı4.jpg 800w" sizes="(max-width: 300px) 100vw, 300px" /></a></p>

<p>Ev Dekore Edilirken Nerden Başlanmalı</p>

2019/04/Ev-Dekore-Edilirken-Nerden-Başlanmalı4.jpg

Ev-Dekore-Edilirken-Nerden-Başlanmalı4-150x150.jpg

https://www.ucicmimarlik.com/wp-content/uploads/2019/04/Ev-Dekore-Edilirken-Nerden-Başlanmalı4-150x150.jpg

Ev-Dekore-Edilirken-Nerden-Başlanmalı4-300x168.jpg

https://www.ucicmimarlik.com/wp-content/uploads/2019/04/Ev-Dekore-Edilirken-Nerden-Başlanmalı4-300x168.jpg

Ev-Dekore-Edilirken-Nerden-Başlanmalı4-768x431.jpg

https://www.ucicmimarlik.com/wp-content/uploads/2019/04/Ev-Dekore-Edilirken-Nerden-Başlanmalı4-768x431.jpg

Ev-Dekore-Edilirken-Nerden-Başlanmalı4-540x300.jpg

https://www.ucicmimarlik.com/wp-content/uploads/2019/04/Ev-Dekore-Edilirken-Nerden-Başlanmalı4-540x300.jpg

Ev-Dekore-Edilirken-Nerden-Başlanmalı4-700x449.jpg

https://www.ucicmimarlik.com/wp-content/uploads/2019/04/Ev-Dekore-Edilirken-Nerden-Başlanmalı4-700x449.jpg

Ev-Dekore-Edilirken-Nerden-Başlanmalı4-700x358.jpg

https://www.ucicmimarlik.com/wp-content/uploads/2019/04/Ev-Dekore-Edilirken-Nerden-Başlanmalı4-700x358.jpg

Ev-Dekore-Edilirken-Nerden-Başlanmalı4.jpg

https://www.ucicmimarlik.com/wp-content/uploads/2019/04/Ev-Dekore-Edilirken-Nerden-Başlanmalı4.jpg
