{"id":4892,"date":"2019-04-01T14:49:22","date_gmt":"2019-04-01T11:49:22","guid":{"rendered":"http:\/\/www.ucicmimarlik.com\/wp-content\/uploads\/2019\/04\/Salon-Dekorasyonu-\u0130\u00e7in-Mobilya-Se\u00e7imi2.jpg"},"modified":"2019-04-01T14:49:45","modified_gmt":"2019-04-01T11:49:45","slug":"salon-dekorasyonu-icin-mobilya-secimi2","status":"inherit","type":"attachment","link":"https:\/\/www.ucicmimarlik.com\/en\/salon-dekorasyonu-icin-mobilya-secimi2\/","title":{"rendered":"Salon Dekorasyonu \u0130\u00e7in Mobilya Se\u00e7imi2"},"author":5,"comment_status":"open","ping_status":"closed","template":"","meta":[],"aioseo_notices":[],"smush":{"stats":{"percent":3.7086184187808615,"bytes":7518,"size_before":202717,"size_after":195199,"time":2.3599999999999994,"api_version":"1.0","lossy":false,"keep_exif":0},"sizes":{"thumbnail":{"percent":5.67,"bytes":383,"size_before":6752,"size_after":6369,"time":0.01},"medium":{"percent":5.31,"bytes":675,"size_before":12705,"size_after":12030,"time":0.01},"medium_large":{"percent":3.35,"bytes":1781,"size_before":53125,"size_after":51344,"time":2.26},"thumb-blog":{"percent":3.95,"bytes":1225,"size_before":31028,"size_after":29803,"time":0.02},"thumb-portfolio":{"percent":3.38,"bytes":1892,"size_before":55940,"size_after":54048,"time":0.03},"thumb-service":{"percent":3.62,"bytes":1562,"size_before":43167,"size_after":41605,"time":0.03}}},"description":{"rendered":"<p class=\"attachment\"><a href='https:\/\/www.ucicmimarlik.com\/wp-content\/uploads\/2019\/04\/Salon-Dekorasyonu-\u0130\u00e7in-Mobilya-Se\u00e7imi2.jpg'><img fetchpriority=\"high\" width=\"300\" height=\"169\" src=\"https:\/\/www.ucicmimarlik.com\/wp-content\/uploads\/2019\/04\/Salon-Dekorasyonu-\u0130\u00e7in-Mobilya-Se\u00e7imi2-300x169.jpg\" class=\"attachment-medium size-medium\" alt=\"\" decoding=\"async\" srcset=\"https:\/\/www.ucicmimarlik.com\/wp-content\/uploads\/2019\/04\/Salon-Dekorasyonu-\u0130\u00e7in-Mobilya-Se\u00e7imi2-300x169.jpg 300w, https:\/\/www.ucicmimarlik.com\/wp-content\/uploads\/2019\/04\/Salon-Dekorasyonu-\u0130\u00e7in-Mobilya-Se\u00e7imi2-768x433.jpg 768w, https:\/\/www.ucicmimarlik.com\/wp-content\/uploads\/2019\/04\/Salon-Dekorasyonu-\u0130\u00e7in-Mobilya-Se\u00e7imi2.jpg 800w\" sizes=\"(max-width: 300px) 100vw, 300px\" \/><\/a><\/p>\n"},"caption":{"rendered":"<p>Salon Dekorasyonu \u0130\u00e7in Mobilya Se\u00e7imi<\/p>\n"},"alt_text":"","media_type":"image","mime_type":"image\/jpeg","media_details":{"width":800,"height":451,"file":"2019\/04\/Salon-Dekorasyonu-\u0130\u00e7in-Mobilya-Se\u00e7imi2.jpg","sizes":{"thumbnail":{"file":"Salon-Dekorasyonu-\u0130\u00e7in-Mobilya-Se\u00e7imi2-150x150.jpg","width":150,"height":150,"mime_type":"image\/jpeg","source_url":"https:\/\/www.ucicmimarlik.com\/wp-content\/uploads\/2019\/04\/Salon-Dekorasyonu-\u0130\u00e7in-Mobilya-Se\u00e7imi2-150x150.jpg"},"medium":{"file":"Salon-Dekorasyonu-\u0130\u00e7in-Mobilya-Se\u00e7imi2-300x169.jpg","width":300,"height":169,"mime_type":"image\/jpeg","source_url":"https:\/\/www.ucicmimarlik.com\/wp-content\/uploads\/2019\/04\/Salon-Dekorasyonu-\u0130\u00e7in-Mobilya-Se\u00e7imi2-300x169.jpg"},"medium_large":{"file":"Salon-Dekorasyonu-\u0130\u00e7in-Mobilya-Se\u00e7imi2-768x433.jpg","width":768,"height":433,"mime_type":"image\/jpeg","source_url":"https:\/\/www.ucicmimarlik.com\/wp-content\/uploads\/2019\/04\/Salon-Dekorasyonu-\u0130\u00e7in-Mobilya-Se\u00e7imi2-768x433.jpg"},"thumb-blog":{"file":"Salon-Dekorasyonu-\u0130\u00e7in-Mobilya-Se\u00e7imi2-540x300.jpg","width":540,"height":300,"mime_type":"image\/jpeg","source_url":"https:\/\/www.ucicmimarlik.com\/wp-content\/uploads\/2019\/04\/Salon-Dekorasyonu-\u0130\u00e7in-Mobilya-Se\u00e7imi2-540x300.jpg"},"thumb-portfolio":{"file":"Salon-Dekorasyonu-\u0130\u00e7in-Mobilya-Se\u00e7imi2-700x451.jpg","width":700,"height":451,"mime_type":"image\/jpeg","source_url":"https:\/\/www.ucicmimarlik.com\/wp-content\/uploads\/2019\/04\/Salon-Dekorasyonu-\u0130\u00e7in-Mobilya-Se\u00e7imi2-700x451.jpg"},"thumb-service":{"file":"Salon-Dekorasyonu-\u0130\u00e7in-Mobilya-Se\u00e7imi2-700x358.jpg","width":700,"height":358,"mime_type":"image\/jpeg","source_url":"https:\/\/www.ucicmimarlik.com\/wp-content\/uploads\/2019\/04\/Salon-Dekorasyonu-\u0130\u00e7in-Mobilya-Se\u00e7imi2-700x358.jpg"},"full":{"file":"Salon-Dekorasyonu-\u0130\u00e7in-Mobilya-Se\u00e7imi2.jpg","width":800,"height":451,"mime_type":"image\/jpeg","source_url":"https:\/\/www.ucicmimarlik.com\/wp-content\/uploads\/2019\/04\/Salon-Dekorasyonu-\u0130\u00e7in-Mobilya-Se\u00e7imi2.jpg"}},"image_meta":{"aperture":"0","credit":"","camera":"","caption":"","created_timestamp":"0","copyright":"","focal_length":"0","iso":"0","shutter_speed":"0","title":"","orientation":"0","keywords":[]}},"post":null,"source_url":"https:\/\/www.ucicmimarlik.com\/wp-content\/uploads\/2019\/04\/Salon-Dekorasyonu-\u0130\u00e7in-Mobilya-Se\u00e7imi2.jpg","_links":{"self":[{"href":"https:\/\/www.ucicmimarlik.com\/en\/wp-json\/wp\/v2\/media\/4892"}],"collection":[{"href":"https:\/\/www.ucicmimarlik.com\/en\/wp-json\/wp\/v2\/media"}],"about":[{"href":"https:\/\/www.ucicmimarlik.com\/en\/wp-json\/wp\/v2\/types\/attachment"}],"author":[{"embeddable":true,"href":"https:\/\/www.ucicmimarlik.com\/en\/wp-json\/wp\/v2\/users\/5"}],"replies":[{"embeddable":true,"href":"https:\/\/www.ucicmimarlik.com\/en\/wp-json\/wp\/v2\/comments?post=4892"}]}}

http://www.ucicmimarlik.com/wp-content/uploads/2019/04/Salon-Dekorasyonu-İçin-Mobilya-Seçimi2.jpg

Salon Dekorasyonu İçin Mobilya Seçimi2

<p class="attachment"><a href='https://www.ucicmimarlik.com/wp-content/uploads/2019/04/Salon-Dekorasyonu-İçin-Mobilya-Seçimi2.jpg'><img fetchpriority="high" width="300" height="169" src="https://www.ucicmimarlik.com/wp-content/uploads/2019/04/Salon-Dekorasyonu-İçin-Mobilya-Seçimi2-300x169.jpg" class="attachment-medium size-medium" alt="" decoding="async" srcset="https://www.ucicmimarlik.com/wp-content/uploads/2019/04/Salon-Dekorasyonu-İçin-Mobilya-Seçimi2-300x169.jpg 300w, https://www.ucicmimarlik.com/wp-content/uploads/2019/04/Salon-Dekorasyonu-İçin-Mobilya-Seçimi2-768x433.jpg 768w, https://www.ucicmimarlik.com/wp-content/uploads/2019/04/Salon-Dekorasyonu-İçin-Mobilya-Seçimi2.jpg 800w" sizes="(max-width: 300px) 100vw, 300px" /></a></p>

<p>Salon Dekorasyonu İçin Mobilya Seçimi</p>

2019/04/Salon-Dekorasyonu-İçin-Mobilya-Seçimi2.jpg

Salon-Dekorasyonu-İçin-Mobilya-Seçimi2-150x150.jpg

https://www.ucicmimarlik.com/wp-content/uploads/2019/04/Salon-Dekorasyonu-İçin-Mobilya-Seçimi2-150x150.jpg

Salon-Dekorasyonu-İçin-Mobilya-Seçimi2-300x169.jpg

https://www.ucicmimarlik.com/wp-content/uploads/2019/04/Salon-Dekorasyonu-İçin-Mobilya-Seçimi2-300x169.jpg

Salon-Dekorasyonu-İçin-Mobilya-Seçimi2-768x433.jpg

https://www.ucicmimarlik.com/wp-content/uploads/2019/04/Salon-Dekorasyonu-İçin-Mobilya-Seçimi2-768x433.jpg

Salon-Dekorasyonu-İçin-Mobilya-Seçimi2-540x300.jpg

https://www.ucicmimarlik.com/wp-content/uploads/2019/04/Salon-Dekorasyonu-İçin-Mobilya-Seçimi2-540x300.jpg

Salon-Dekorasyonu-İçin-Mobilya-Seçimi2-700x451.jpg

https://www.ucicmimarlik.com/wp-content/uploads/2019/04/Salon-Dekorasyonu-İçin-Mobilya-Seçimi2-700x451.jpg

Salon-Dekorasyonu-İçin-Mobilya-Seçimi2-700x358.jpg

https://www.ucicmimarlik.com/wp-content/uploads/2019/04/Salon-Dekorasyonu-İçin-Mobilya-Seçimi2-700x358.jpg

Salon-Dekorasyonu-İçin-Mobilya-Seçimi2.jpg

https://www.ucicmimarlik.com/wp-content/uploads/2019/04/Salon-Dekorasyonu-İçin-Mobilya-Seçimi2.jpg
