{"id":4884,"date":"2019-03-30T23:32:03","date_gmt":"2019-03-30T20:32:03","guid":{"rendered":"http:\/\/www.ucicmimarlik.com\/wp-content\/uploads\/2019\/03\/Evi-Ayd\u0131nl\u0131k-G\u00f6sterecek-Duvar-Renkleri1.jpg"},"modified":"2019-03-30T23:32:25","modified_gmt":"2019-03-30T20:32:25","slug":"evi-aydinlik-gosterecek-duvar-renkleri1","status":"inherit","type":"attachment","link":"https:\/\/www.ucicmimarlik.com\/en\/evi-aydinlik-gosterecek-duvar-renkleri1\/","title":{"rendered":"Evi Ayd\u0131nl\u0131k G\u00f6sterecek Duvar Renkleri1"},"author":5,"comment_status":"open","ping_status":"closed","template":"","meta":[],"aioseo_notices":[],"smush":{"stats":{"percent":3.829234153169366,"bytes":2681,"size_before":70014,"size_after":67333,"time":0.04,"api_version":"1.0","lossy":false,"keep_exif":0},"sizes":{"thumbnail":{"percent":5.61,"bytes":326,"size_before":5809,"size_after":5483,"time":0.01},"medium":{"percent":4.07,"bytes":688,"size_before":16915,"size_after":16227,"time":0.01},"thumb-blog":{"percent":3.48,"bytes":742,"size_before":21329,"size_after":20587,"time":0.01},"thumb-service":{"percent":3.56,"bytes":925,"size_before":25961,"size_after":25036,"time":0.01}}},"description":{"rendered":"<p class=\"attachment\"><a href='https:\/\/www.ucicmimarlik.com\/wp-content\/uploads\/2019\/03\/Evi-Ayd\u0131nl\u0131k-G\u00f6sterecek-Duvar-Renkleri1.jpg'><img fetchpriority=\"high\" width=\"300\" height=\"300\" src=\"https:\/\/www.ucicmimarlik.com\/wp-content\/uploads\/2019\/03\/Evi-Ayd\u0131nl\u0131k-G\u00f6sterecek-Duvar-Renkleri1-300x300.jpg\" class=\"attachment-medium size-medium\" alt=\"\" decoding=\"async\" srcset=\"https:\/\/www.ucicmimarlik.com\/wp-content\/uploads\/2019\/03\/Evi-Ayd\u0131nl\u0131k-G\u00f6sterecek-Duvar-Renkleri1-300x300.jpg 300w, https:\/\/www.ucicmimarlik.com\/wp-content\/uploads\/2019\/03\/Evi-Ayd\u0131nl\u0131k-G\u00f6sterecek-Duvar-Renkleri1-150x150.jpg 150w, https:\/\/www.ucicmimarlik.com\/wp-content\/uploads\/2019\/03\/Evi-Ayd\u0131nl\u0131k-G\u00f6sterecek-Duvar-Renkleri1.jpg 400w\" sizes=\"(max-width: 300px) 100vw, 300px\" \/><\/a><\/p>\n"},"caption":{"rendered":"<p>Evi Ayd\u0131nl\u0131k G\u00f6sterecek Duvar Renkleri<\/p>\n"},"alt_text":"","media_type":"image","mime_type":"image\/jpeg","media_details":{"width":400,"height":400,"file":"2019\/03\/Evi-Ayd\u0131nl\u0131k-G\u00f6sterecek-Duvar-Renkleri1.jpg","sizes":{"thumbnail":{"file":"Evi-Ayd\u0131nl\u0131k-G\u00f6sterecek-Duvar-Renkleri1-150x150.jpg","width":150,"height":150,"mime_type":"image\/jpeg","source_url":"https:\/\/www.ucicmimarlik.com\/wp-content\/uploads\/2019\/03\/Evi-Ayd\u0131nl\u0131k-G\u00f6sterecek-Duvar-Renkleri1-150x150.jpg"},"medium":{"file":"Evi-Ayd\u0131nl\u0131k-G\u00f6sterecek-Duvar-Renkleri1-300x300.jpg","width":300,"height":300,"mime_type":"image\/jpeg","source_url":"https:\/\/www.ucicmimarlik.com\/wp-content\/uploads\/2019\/03\/Evi-Ayd\u0131nl\u0131k-G\u00f6sterecek-Duvar-Renkleri1-300x300.jpg"},"thumb-blog":{"file":"Evi-Ayd\u0131nl\u0131k-G\u00f6sterecek-Duvar-Renkleri1-400x300.jpg","width":400,"height":300,"mime_type":"image\/jpeg","source_url":"https:\/\/www.ucicmimarlik.com\/wp-content\/uploads\/2019\/03\/Evi-Ayd\u0131nl\u0131k-G\u00f6sterecek-Duvar-Renkleri1-400x300.jpg"},"thumb-service":{"file":"Evi-Ayd\u0131nl\u0131k-G\u00f6sterecek-Duvar-Renkleri1-400x358.jpg","width":400,"height":358,"mime_type":"image\/jpeg","source_url":"https:\/\/www.ucicmimarlik.com\/wp-content\/uploads\/2019\/03\/Evi-Ayd\u0131nl\u0131k-G\u00f6sterecek-Duvar-Renkleri1-400x358.jpg"},"full":{"file":"Evi-Ayd\u0131nl\u0131k-G\u00f6sterecek-Duvar-Renkleri1.jpg","width":400,"height":400,"mime_type":"image\/jpeg","source_url":"https:\/\/www.ucicmimarlik.com\/wp-content\/uploads\/2019\/03\/Evi-Ayd\u0131nl\u0131k-G\u00f6sterecek-Duvar-Renkleri1.jpg"}},"image_meta":{"aperture":"0","credit":"","camera":"","caption":"","created_timestamp":"0","copyright":"","focal_length":"0","iso":"0","shutter_speed":"0","title":"","orientation":"0","keywords":[]}},"post":null,"source_url":"https:\/\/www.ucicmimarlik.com\/wp-content\/uploads\/2019\/03\/Evi-Ayd\u0131nl\u0131k-G\u00f6sterecek-Duvar-Renkleri1.jpg","_links":{"self":[{"href":"https:\/\/www.ucicmimarlik.com\/en\/wp-json\/wp\/v2\/media\/4884"}],"collection":[{"href":"https:\/\/www.ucicmimarlik.com\/en\/wp-json\/wp\/v2\/media"}],"about":[{"href":"https:\/\/www.ucicmimarlik.com\/en\/wp-json\/wp\/v2\/types\/attachment"}],"author":[{"embeddable":true,"href":"https:\/\/www.ucicmimarlik.com\/en\/wp-json\/wp\/v2\/users\/5"}],"replies":[{"embeddable":true,"href":"https:\/\/www.ucicmimarlik.com\/en\/wp-json\/wp\/v2\/comments?post=4884"}]}}

http://www.ucicmimarlik.com/wp-content/uploads/2019/03/Evi-Aydınlık-Gösterecek-Duvar-Renkleri1.jpg

Evi Aydınlık Gösterecek Duvar Renkleri1

<p class="attachment"><a href='https://www.ucicmimarlik.com/wp-content/uploads/2019/03/Evi-Aydınlık-Gösterecek-Duvar-Renkleri1.jpg'><img fetchpriority="high" width="300" height="300" src="https://www.ucicmimarlik.com/wp-content/uploads/2019/03/Evi-Aydınlık-Gösterecek-Duvar-Renkleri1-300x300.jpg" class="attachment-medium size-medium" alt="" decoding="async" srcset="https://www.ucicmimarlik.com/wp-content/uploads/2019/03/Evi-Aydınlık-Gösterecek-Duvar-Renkleri1-300x300.jpg 300w, https://www.ucicmimarlik.com/wp-content/uploads/2019/03/Evi-Aydınlık-Gösterecek-Duvar-Renkleri1-150x150.jpg 150w, https://www.ucicmimarlik.com/wp-content/uploads/2019/03/Evi-Aydınlık-Gösterecek-Duvar-Renkleri1.jpg 400w" sizes="(max-width: 300px) 100vw, 300px" /></a></p>

<p>Evi Aydınlık Gösterecek Duvar Renkleri</p>

2019/03/Evi-Aydınlık-Gösterecek-Duvar-Renkleri1.jpg

Evi-Aydınlık-Gösterecek-Duvar-Renkleri1-150x150.jpg

https://www.ucicmimarlik.com/wp-content/uploads/2019/03/Evi-Aydınlık-Gösterecek-Duvar-Renkleri1-150x150.jpg

Evi-Aydınlık-Gösterecek-Duvar-Renkleri1-300x300.jpg

https://www.ucicmimarlik.com/wp-content/uploads/2019/03/Evi-Aydınlık-Gösterecek-Duvar-Renkleri1-300x300.jpg

Evi-Aydınlık-Gösterecek-Duvar-Renkleri1-400x300.jpg

https://www.ucicmimarlik.com/wp-content/uploads/2019/03/Evi-Aydınlık-Gösterecek-Duvar-Renkleri1-400x300.jpg

Evi-Aydınlık-Gösterecek-Duvar-Renkleri1-400x358.jpg

https://www.ucicmimarlik.com/wp-content/uploads/2019/03/Evi-Aydınlık-Gösterecek-Duvar-Renkleri1-400x358.jpg

Evi-Aydınlık-Gösterecek-Duvar-Renkleri1.jpg

https://www.ucicmimarlik.com/wp-content/uploads/2019/03/Evi-Aydınlık-Gösterecek-Duvar-Renkleri1.jpg
