{"id":4216,"date":"2018-05-21T09:36:50","date_gmt":"2018-05-21T06:36:50","guid":{"rendered":"http:\/\/www.ucicmimarlik.com\/wp-content\/uploads\/2018\/05\/istanbul-i\u00e7-mimar-14.jpg"},"modified":"2018-05-21T09:45:35","modified_gmt":"2018-05-21T06:45:35","slug":"istanbul-ic-mimar-14","status":"inherit","type":"attachment","link":"https:\/\/www.ucicmimarlik.com\/en\/istanbul-ic-mimar-14\/","title":{"rendered":"istanbul i\u00e7 mimar 14"},"author":1,"comment_status":"open","ping_status":"closed","template":"","meta":[],"aioseo_notices":[],"smush":"Not processed","description":{"rendered":"<p class=\"attachment\"><a href='https:\/\/www.ucicmimarlik.com\/wp-content\/uploads\/2018\/05\/istanbul-i\u00e7-mimar-14.jpg'><img fetchpriority=\"high\" width=\"300\" height=\"200\" src=\"https:\/\/www.ucicmimarlik.com\/wp-content\/uploads\/2018\/05\/istanbul-i\u00e7-mimar-14-300x200.jpg\" class=\"attachment-medium size-medium\" alt=\"i\u00e7 mimar\" decoding=\"async\" srcset=\"https:\/\/www.ucicmimarlik.com\/wp-content\/uploads\/2018\/05\/istanbul-i\u00e7-mimar-14-300x200.jpg 300w, https:\/\/www.ucicmimarlik.com\/wp-content\/uploads\/2018\/05\/istanbul-i\u00e7-mimar-14-768x512.jpg 768w, https:\/\/www.ucicmimarlik.com\/wp-content\/uploads\/2018\/05\/istanbul-i\u00e7-mimar-14-700x466.jpg 700w, https:\/\/www.ucicmimarlik.com\/wp-content\/uploads\/2018\/05\/istanbul-i\u00e7-mimar-14.jpg 800w\" sizes=\"(max-width: 300px) 100vw, 300px\" \/><\/a><\/p>\n<p>i\u00e7 mimarl\u0131k firmalar\u0131<\/p>\n"},"caption":{"rendered":"<p>istanbul i\u00e7 mimar<\/p>\n"},"alt_text":"i\u00e7 mimar","media_type":"image","mime_type":"image\/jpeg","media_details":{"width":800,"height":533,"file":"2018\/05\/istanbul-i\u00e7-mimar-14.jpg","sizes":{"thumbnail":{"file":"istanbul-i\u00e7-mimar-14-150x150.jpg","width":150,"height":150,"mime_type":"image\/jpeg","source_url":"https:\/\/www.ucicmimarlik.com\/wp-content\/uploads\/2018\/05\/istanbul-i\u00e7-mimar-14-150x150.jpg"},"medium":{"file":"istanbul-i\u00e7-mimar-14-300x200.jpg","width":300,"height":200,"mime_type":"image\/jpeg","source_url":"https:\/\/www.ucicmimarlik.com\/wp-content\/uploads\/2018\/05\/istanbul-i\u00e7-mimar-14-300x200.jpg"},"medium_large":{"file":"istanbul-i\u00e7-mimar-14-768x512.jpg","width":768,"height":512,"mime_type":"image\/jpeg","source_url":"https:\/\/www.ucicmimarlik.com\/wp-content\/uploads\/2018\/05\/istanbul-i\u00e7-mimar-14-768x512.jpg"},"thumb-blog":{"file":"istanbul-i\u00e7-mimar-14-540x300.jpg","width":540,"height":300,"mime_type":"image\/jpeg","source_url":"https:\/\/www.ucicmimarlik.com\/wp-content\/uploads\/2018\/05\/istanbul-i\u00e7-mimar-14-540x300.jpg"},"thumb-portfolio":{"file":"istanbul-i\u00e7-mimar-14-700x466.jpg","width":700,"height":466,"mime_type":"image\/jpeg","source_url":"https:\/\/www.ucicmimarlik.com\/wp-content\/uploads\/2018\/05\/istanbul-i\u00e7-mimar-14-700x466.jpg"},"thumb-service":{"file":"istanbul-i\u00e7-mimar-14-700x358.jpg","width":700,"height":358,"mime_type":"image\/jpeg","source_url":"https:\/\/www.ucicmimarlik.com\/wp-content\/uploads\/2018\/05\/istanbul-i\u00e7-mimar-14-700x358.jpg"},"full":{"file":"istanbul-i\u00e7-mimar-14.jpg","width":800,"height":533,"mime_type":"image\/jpeg","source_url":"https:\/\/www.ucicmimarlik.com\/wp-content\/uploads\/2018\/05\/istanbul-i\u00e7-mimar-14.jpg"}},"image_meta":{"aperture":"0","credit":"","camera":"","caption":"","created_timestamp":"0","copyright":"","focal_length":"0","iso":"0","shutter_speed":"0","title":"","orientation":"0","keywords":[]}},"post":null,"source_url":"https:\/\/www.ucicmimarlik.com\/wp-content\/uploads\/2018\/05\/istanbul-i\u00e7-mimar-14.jpg","_links":{"self":[{"href":"https:\/\/www.ucicmimarlik.com\/en\/wp-json\/wp\/v2\/media\/4216"}],"collection":[{"href":"https:\/\/www.ucicmimarlik.com\/en\/wp-json\/wp\/v2\/media"}],"about":[{"href":"https:\/\/www.ucicmimarlik.com\/en\/wp-json\/wp\/v2\/types\/attachment"}],"author":[{"embeddable":true,"href":"https:\/\/www.ucicmimarlik.com\/en\/wp-json\/wp\/v2\/users\/1"}],"replies":[{"embeddable":true,"href":"https:\/\/www.ucicmimarlik.com\/en\/wp-json\/wp\/v2\/comments?post=4216"}]}}

http://www.ucicmimarlik.com/wp-content/uploads/2018/05/istanbul-iç-mimar-14.jpg

istanbul iç mimar 14

<p class="attachment"><a href='https://www.ucicmimarlik.com/wp-content/uploads/2018/05/istanbul-iç-mimar-14.jpg'><img fetchpriority="high" width="300" height="200" src="https://www.ucicmimarlik.com/wp-content/uploads/2018/05/istanbul-iç-mimar-14-300x200.jpg" class="attachment-medium size-medium" alt="iç mimar" decoding="async" srcset="https://www.ucicmimarlik.com/wp-content/uploads/2018/05/istanbul-iç-mimar-14-300x200.jpg 300w, https://www.ucicmimarlik.com/wp-content/uploads/2018/05/istanbul-iç-mimar-14-768x512.jpg 768w, https://www.ucicmimarlik.com/wp-content/uploads/2018/05/istanbul-iç-mimar-14-700x466.jpg 700w, https://www.ucicmimarlik.com/wp-content/uploads/2018/05/istanbul-iç-mimar-14.jpg 800w" sizes="(max-width: 300px) 100vw, 300px" /></a></p>
<p>iç mimarlık firmaları</p>

<p>istanbul iç mimar</p>

iç mimar

2018/05/istanbul-iç-mimar-14.jpg

istanbul-iç-mimar-14-150x150.jpg

https://www.ucicmimarlik.com/wp-content/uploads/2018/05/istanbul-iç-mimar-14-150x150.jpg

istanbul-iç-mimar-14-300x200.jpg

https://www.ucicmimarlik.com/wp-content/uploads/2018/05/istanbul-iç-mimar-14-300x200.jpg

istanbul-iç-mimar-14-768x512.jpg

https://www.ucicmimarlik.com/wp-content/uploads/2018/05/istanbul-iç-mimar-14-768x512.jpg

istanbul-iç-mimar-14-540x300.jpg

https://www.ucicmimarlik.com/wp-content/uploads/2018/05/istanbul-iç-mimar-14-540x300.jpg

istanbul-iç-mimar-14-700x466.jpg

https://www.ucicmimarlik.com/wp-content/uploads/2018/05/istanbul-iç-mimar-14-700x466.jpg

istanbul-iç-mimar-14-700x358.jpg

https://www.ucicmimarlik.com/wp-content/uploads/2018/05/istanbul-iç-mimar-14-700x358.jpg

istanbul-iç-mimar-14.jpg

https://www.ucicmimarlik.com/wp-content/uploads/2018/05/istanbul-iç-mimar-14.jpg
