{"id":4918,"date":"2019-04-05T17:40:27","date_gmt":"2019-04-05T14:40:27","guid":{"rendered":"http:\/\/www.ucicmimarlik.com\/wp-content\/uploads\/2019\/04\/Ev-Dekore-Edilirken-Nerden-Ba\u015flanmal\u01312.jpg"},"modified":"2019-04-05T17:40:47","modified_gmt":"2019-04-05T14:40:47","slug":"ev-dekore-edilirken-nerden-baslanmali2","status":"inherit","type":"attachment","link":"https:\/\/www.ucicmimarlik.com\/ar\/ev-dekore-edilirken-nerden-baslanmali2\/","title":{"rendered":"Ev Dekore Edilirken Nerden Ba\u015flanmal\u01312"},"author":5,"comment_status":"open","ping_status":"closed","template":"","meta":[],"aioseo_notices":[],"smush":{"stats":{"percent":4.718733334559297,"bytes":5132,"size_before":108758,"size_after":103626,"time":0.13,"api_version":"1.0","lossy":false,"keep_exif":0},"sizes":{"thumbnail":{"percent":4.15,"bytes":175,"size_before":4220,"size_after":4045,"time":0.02},"medium":{"percent":4.79,"bytes":393,"size_before":8207,"size_after":7814,"time":0.02},"medium_large":{"percent":5.25,"bytes":1584,"size_before":30151,"size_after":28567,"time":0.02},"thumb-blog":{"percent":4.06,"bytes":675,"size_before":16618,"size_after":15943,"time":0.03},"thumb-portfolio":{"percent":4.88,"bytes":1292,"size_before":26461,"size_after":25169,"time":0.02},"thumb-service":{"percent":4.39,"bytes":1013,"size_before":23101,"size_after":22088,"time":0.02}}},"description":{"rendered":"<p class=\"attachment\"><a href='https:\/\/www.ucicmimarlik.com\/wp-content\/uploads\/2019\/04\/Ev-Dekore-Edilirken-Nerden-Ba\u015flanmal\u01312.jpg'><img fetchpriority=\"high\" width=\"300\" height=\"203\" src=\"https:\/\/www.ucicmimarlik.com\/wp-content\/uploads\/2019\/04\/Ev-Dekore-Edilirken-Nerden-Ba\u015flanmal\u01312-300x203.jpg\" class=\"attachment-medium size-medium\" alt=\"\" decoding=\"async\" srcset=\"https:\/\/www.ucicmimarlik.com\/wp-content\/uploads\/2019\/04\/Ev-Dekore-Edilirken-Nerden-Ba\u015flanmal\u01312-300x203.jpg 300w, https:\/\/www.ucicmimarlik.com\/wp-content\/uploads\/2019\/04\/Ev-Dekore-Edilirken-Nerden-Ba\u015flanmal\u01312-768x518.jpg 768w, https:\/\/www.ucicmimarlik.com\/wp-content\/uploads\/2019\/04\/Ev-Dekore-Edilirken-Nerden-Ba\u015flanmal\u01312.jpg 800w\" sizes=\"(max-width: 300px) 100vw, 300px\" \/><\/a><\/p>\n"},"caption":{"rendered":"<p>Ev Dekore Edilirken Nerden Ba\u015flanmal\u0131<\/p>\n"},"alt_text":"","media_type":"image","mime_type":"image\/jpeg","media_details":{"width":800,"height":540,"file":"2019\/04\/Ev-Dekore-Edilirken-Nerden-Ba\u015flanmal\u01312.jpg","sizes":{"thumbnail":{"file":"Ev-Dekore-Edilirken-Nerden-Ba\u015flanmal\u01312-150x150.jpg","width":150,"height":150,"mime_type":"image\/jpeg","source_url":"https:\/\/www.ucicmimarlik.com\/wp-content\/uploads\/2019\/04\/Ev-Dekore-Edilirken-Nerden-Ba\u015flanmal\u01312-150x150.jpg"},"medium":{"file":"Ev-Dekore-Edilirken-Nerden-Ba\u015flanmal\u01312-300x203.jpg","width":300,"height":203,"mime_type":"image\/jpeg","source_url":"https:\/\/www.ucicmimarlik.com\/wp-content\/uploads\/2019\/04\/Ev-Dekore-Edilirken-Nerden-Ba\u015flanmal\u01312-300x203.jpg"},"medium_large":{"file":"Ev-Dekore-Edilirken-Nerden-Ba\u015flanmal\u01312-768x518.jpg","width":768,"height":518,"mime_type":"image\/jpeg","source_url":"https:\/\/www.ucicmimarlik.com\/wp-content\/uploads\/2019\/04\/Ev-Dekore-Edilirken-Nerden-Ba\u015flanmal\u01312-768x518.jpg"},"thumb-blog":{"file":"Ev-Dekore-Edilirken-Nerden-Ba\u015flanmal\u01312-540x300.jpg","width":540,"height":300,"mime_type":"image\/jpeg","source_url":"https:\/\/www.ucicmimarlik.com\/wp-content\/uploads\/2019\/04\/Ev-Dekore-Edilirken-Nerden-Ba\u015flanmal\u01312-540x300.jpg"},"thumb-portfolio":{"file":"Ev-Dekore-Edilirken-Nerden-Ba\u015flanmal\u01312-700x466.jpg","width":700,"height":466,"mime_type":"image\/jpeg","source_url":"https:\/\/www.ucicmimarlik.com\/wp-content\/uploads\/2019\/04\/Ev-Dekore-Edilirken-Nerden-Ba\u015flanmal\u01312-700x466.jpg"},"thumb-service":{"file":"Ev-Dekore-Edilirken-Nerden-Ba\u015flanmal\u01312-700x358.jpg","width":700,"height":358,"mime_type":"image\/jpeg","source_url":"https:\/\/www.ucicmimarlik.com\/wp-content\/uploads\/2019\/04\/Ev-Dekore-Edilirken-Nerden-Ba\u015flanmal\u01312-700x358.jpg"},"full":{"file":"Ev-Dekore-Edilirken-Nerden-Ba\u015flanmal\u01312.jpg","width":800,"height":540,"mime_type":"image\/jpeg","source_url":"https:\/\/www.ucicmimarlik.com\/wp-content\/uploads\/2019\/04\/Ev-Dekore-Edilirken-Nerden-Ba\u015flanmal\u01312.jpg"}},"image_meta":{"aperture":"0","credit":"","camera":"","caption":"","created_timestamp":"0","copyright":"","focal_length":"0","iso":"0","shutter_speed":"0","title":"","orientation":"0","keywords":[]}},"post":null,"source_url":"https:\/\/www.ucicmimarlik.com\/wp-content\/uploads\/2019\/04\/Ev-Dekore-Edilirken-Nerden-Ba\u015flanmal\u01312.jpg","_links":{"self":[{"href":"https:\/\/www.ucicmimarlik.com\/ar\/wp-json\/wp\/v2\/media\/4918"}],"collection":[{"href":"https:\/\/www.ucicmimarlik.com\/ar\/wp-json\/wp\/v2\/media"}],"about":[{"href":"https:\/\/www.ucicmimarlik.com\/ar\/wp-json\/wp\/v2\/types\/attachment"}],"author":[{"embeddable":true,"href":"https:\/\/www.ucicmimarlik.com\/ar\/wp-json\/wp\/v2\/users\/5"}],"replies":[{"embeddable":true,"href":"https:\/\/www.ucicmimarlik.com\/ar\/wp-json\/wp\/v2\/comments?post=4918"}]}}

http://www.ucicmimarlik.com/wp-content/uploads/2019/04/Ev-Dekore-Edilirken-Nerden-Başlanmalı2.jpg

Ev Dekore Edilirken Nerden Başlanmalı2

<p class="attachment"><a href='https://www.ucicmimarlik.com/wp-content/uploads/2019/04/Ev-Dekore-Edilirken-Nerden-Başlanmalı2.jpg'><img fetchpriority="high" width="300" height="203" src="https://www.ucicmimarlik.com/wp-content/uploads/2019/04/Ev-Dekore-Edilirken-Nerden-Başlanmalı2-300x203.jpg" class="attachment-medium size-medium" alt="" decoding="async" srcset="https://www.ucicmimarlik.com/wp-content/uploads/2019/04/Ev-Dekore-Edilirken-Nerden-Başlanmalı2-300x203.jpg 300w, https://www.ucicmimarlik.com/wp-content/uploads/2019/04/Ev-Dekore-Edilirken-Nerden-Başlanmalı2-768x518.jpg 768w, https://www.ucicmimarlik.com/wp-content/uploads/2019/04/Ev-Dekore-Edilirken-Nerden-Başlanmalı2.jpg 800w" sizes="(max-width: 300px) 100vw, 300px" /></a></p>

<p>Ev Dekore Edilirken Nerden Başlanmalı</p>

2019/04/Ev-Dekore-Edilirken-Nerden-Başlanmalı2.jpg

Ev-Dekore-Edilirken-Nerden-Başlanmalı2-150x150.jpg

https://www.ucicmimarlik.com/wp-content/uploads/2019/04/Ev-Dekore-Edilirken-Nerden-Başlanmalı2-150x150.jpg

Ev-Dekore-Edilirken-Nerden-Başlanmalı2-300x203.jpg

https://www.ucicmimarlik.com/wp-content/uploads/2019/04/Ev-Dekore-Edilirken-Nerden-Başlanmalı2-300x203.jpg

Ev-Dekore-Edilirken-Nerden-Başlanmalı2-768x518.jpg

https://www.ucicmimarlik.com/wp-content/uploads/2019/04/Ev-Dekore-Edilirken-Nerden-Başlanmalı2-768x518.jpg

Ev-Dekore-Edilirken-Nerden-Başlanmalı2-540x300.jpg

https://www.ucicmimarlik.com/wp-content/uploads/2019/04/Ev-Dekore-Edilirken-Nerden-Başlanmalı2-540x300.jpg

Ev-Dekore-Edilirken-Nerden-Başlanmalı2-700x466.jpg

https://www.ucicmimarlik.com/wp-content/uploads/2019/04/Ev-Dekore-Edilirken-Nerden-Başlanmalı2-700x466.jpg

Ev-Dekore-Edilirken-Nerden-Başlanmalı2-700x358.jpg

https://www.ucicmimarlik.com/wp-content/uploads/2019/04/Ev-Dekore-Edilirken-Nerden-Başlanmalı2-700x358.jpg

Ev-Dekore-Edilirken-Nerden-Başlanmalı2.jpg

https://www.ucicmimarlik.com/wp-content/uploads/2019/04/Ev-Dekore-Edilirken-Nerden-Başlanmalı2.jpg
