{"id":4792,"date":"2019-03-17T14:57:23","date_gmt":"2019-03-17T11:57:23","guid":{"rendered":"http:\/\/www.ucicmimarlik.com\/wp-content\/uploads\/2019\/03\/K\u00fc\u00e7\u00fck-Ofisler-Nas\u0131l-Dekore-Edilmeli.jpg"},"modified":"2019-03-17T14:57:37","modified_gmt":"2019-03-17T11:57:37","slug":"kucuk-ofisler-nasil-dekore-edilmeli","status":"inherit","type":"attachment","link":"https:\/\/www.ucicmimarlik.com\/ar\/kucuk-ofisler-nasil-dekore-edilmeli\/","title":{"rendered":"K\u00fc\u00e7\u00fck Ofisler Nas\u0131l Dekore Edilmeli"},"author":5,"comment_status":"open","ping_status":"closed","template":"","meta":[],"aioseo_notices":[],"smush":"\u063a\u064a\u0631 \u0645\u0639\u0627\u0644\u062c\u0629","description":{"rendered":"<p class=\"attachment\"><a href='https:\/\/www.ucicmimarlik.com\/wp-content\/uploads\/2019\/03\/K\u00fc\u00e7\u00fck-Ofisler-Nas\u0131l-Dekore-Edilmeli.jpg'><img fetchpriority=\"high\" width=\"300\" height=\"227\" src=\"https:\/\/www.ucicmimarlik.com\/wp-content\/uploads\/2019\/03\/K\u00fc\u00e7\u00fck-Ofisler-Nas\u0131l-Dekore-Edilmeli-300x227.jpg\" class=\"attachment-medium size-medium\" alt=\"\" decoding=\"async\" srcset=\"https:\/\/www.ucicmimarlik.com\/wp-content\/uploads\/2019\/03\/K\u00fc\u00e7\u00fck-Ofisler-Nas\u0131l-Dekore-Edilmeli-300x227.jpg 300w, https:\/\/www.ucicmimarlik.com\/wp-content\/uploads\/2019\/03\/K\u00fc\u00e7\u00fck-Ofisler-Nas\u0131l-Dekore-Edilmeli-768x582.jpg 768w, https:\/\/www.ucicmimarlik.com\/wp-content\/uploads\/2019\/03\/K\u00fc\u00e7\u00fck-Ofisler-Nas\u0131l-Dekore-Edilmeli.jpg 900w\" sizes=\"(max-width: 300px) 100vw, 300px\" \/><\/a><\/p>\n"},"caption":{"rendered":"<p>K\u00fc\u00e7\u00fck Ofisler Nas\u0131l Dekore Edilmeli<\/p>\n"},"alt_text":"","media_type":"image","mime_type":"image\/jpeg","media_details":{"width":900,"height":682,"file":"2019\/03\/K\u00fc\u00e7\u00fck-Ofisler-Nas\u0131l-Dekore-Edilmeli.jpg","sizes":{"thumbnail":{"file":"K\u00fc\u00e7\u00fck-Ofisler-Nas\u0131l-Dekore-Edilmeli-150x150.jpg","width":150,"height":150,"mime_type":"image\/jpeg","source_url":"https:\/\/www.ucicmimarlik.com\/wp-content\/uploads\/2019\/03\/K\u00fc\u00e7\u00fck-Ofisler-Nas\u0131l-Dekore-Edilmeli-150x150.jpg"},"medium":{"file":"K\u00fc\u00e7\u00fck-Ofisler-Nas\u0131l-Dekore-Edilmeli-300x227.jpg","width":300,"height":227,"mime_type":"image\/jpeg","source_url":"https:\/\/www.ucicmimarlik.com\/wp-content\/uploads\/2019\/03\/K\u00fc\u00e7\u00fck-Ofisler-Nas\u0131l-Dekore-Edilmeli-300x227.jpg"},"medium_large":{"file":"K\u00fc\u00e7\u00fck-Ofisler-Nas\u0131l-Dekore-Edilmeli-768x582.jpg","width":768,"height":582,"mime_type":"image\/jpeg","source_url":"https:\/\/www.ucicmimarlik.com\/wp-content\/uploads\/2019\/03\/K\u00fc\u00e7\u00fck-Ofisler-Nas\u0131l-Dekore-Edilmeli-768x582.jpg"},"thumb-blog":{"file":"K\u00fc\u00e7\u00fck-Ofisler-Nas\u0131l-Dekore-Edilmeli-540x300.jpg","width":540,"height":300,"mime_type":"image\/jpeg","source_url":"https:\/\/www.ucicmimarlik.com\/wp-content\/uploads\/2019\/03\/K\u00fc\u00e7\u00fck-Ofisler-Nas\u0131l-Dekore-Edilmeli-540x300.jpg"},"thumb-portfolio":{"file":"K\u00fc\u00e7\u00fck-Ofisler-Nas\u0131l-Dekore-Edilmeli-700x466.jpg","width":700,"height":466,"mime_type":"image\/jpeg","source_url":"https:\/\/www.ucicmimarlik.com\/wp-content\/uploads\/2019\/03\/K\u00fc\u00e7\u00fck-Ofisler-Nas\u0131l-Dekore-Edilmeli-700x466.jpg"},"thumb-service":{"file":"K\u00fc\u00e7\u00fck-Ofisler-Nas\u0131l-Dekore-Edilmeli-700x358.jpg","width":700,"height":358,"mime_type":"image\/jpeg","source_url":"https:\/\/www.ucicmimarlik.com\/wp-content\/uploads\/2019\/03\/K\u00fc\u00e7\u00fck-Ofisler-Nas\u0131l-Dekore-Edilmeli-700x358.jpg"},"full":{"file":"K\u00fc\u00e7\u00fck-Ofisler-Nas\u0131l-Dekore-Edilmeli.jpg","width":900,"height":682,"mime_type":"image\/jpeg","source_url":"https:\/\/www.ucicmimarlik.com\/wp-content\/uploads\/2019\/03\/K\u00fc\u00e7\u00fck-Ofisler-Nas\u0131l-Dekore-Edilmeli.jpg"}},"image_meta":{"aperture":"0","credit":"","camera":"","caption":"","created_timestamp":"0","copyright":"","focal_length":"0","iso":"0","shutter_speed":"0","title":"","orientation":"0","keywords":[]}},"post":null,"source_url":"https:\/\/www.ucicmimarlik.com\/wp-content\/uploads\/2019\/03\/K\u00fc\u00e7\u00fck-Ofisler-Nas\u0131l-Dekore-Edilmeli.jpg","_links":{"self":[{"href":"https:\/\/www.ucicmimarlik.com\/ar\/wp-json\/wp\/v2\/media\/4792"}],"collection":[{"href":"https:\/\/www.ucicmimarlik.com\/ar\/wp-json\/wp\/v2\/media"}],"about":[{"href":"https:\/\/www.ucicmimarlik.com\/ar\/wp-json\/wp\/v2\/types\/attachment"}],"author":[{"embeddable":true,"href":"https:\/\/www.ucicmimarlik.com\/ar\/wp-json\/wp\/v2\/users\/5"}],"replies":[{"embeddable":true,"href":"https:\/\/www.ucicmimarlik.com\/ar\/wp-json\/wp\/v2\/comments?post=4792"}]}}

http://www.ucicmimarlik.com/wp-content/uploads/2019/03/Küçük-Ofisler-Nasıl-Dekore-Edilmeli.jpg

Küçük Ofisler Nasıl Dekore Edilmeli

غير معالجة

<p class="attachment"><a href='https://www.ucicmimarlik.com/wp-content/uploads/2019/03/Küçük-Ofisler-Nasıl-Dekore-Edilmeli.jpg'><img fetchpriority="high" width="300" height="227" src="https://www.ucicmimarlik.com/wp-content/uploads/2019/03/Küçük-Ofisler-Nasıl-Dekore-Edilmeli-300x227.jpg" class="attachment-medium size-medium" alt="" decoding="async" srcset="https://www.ucicmimarlik.com/wp-content/uploads/2019/03/Küçük-Ofisler-Nasıl-Dekore-Edilmeli-300x227.jpg 300w, https://www.ucicmimarlik.com/wp-content/uploads/2019/03/Küçük-Ofisler-Nasıl-Dekore-Edilmeli-768x582.jpg 768w, https://www.ucicmimarlik.com/wp-content/uploads/2019/03/Küçük-Ofisler-Nasıl-Dekore-Edilmeli.jpg 900w" sizes="(max-width: 300px) 100vw, 300px" /></a></p>

<p>Küçük Ofisler Nasıl Dekore Edilmeli</p>

2019/03/Küçük-Ofisler-Nasıl-Dekore-Edilmeli.jpg

Küçük-Ofisler-Nasıl-Dekore-Edilmeli-150x150.jpg

https://www.ucicmimarlik.com/wp-content/uploads/2019/03/Küçük-Ofisler-Nasıl-Dekore-Edilmeli-150x150.jpg

Küçük-Ofisler-Nasıl-Dekore-Edilmeli-300x227.jpg

https://www.ucicmimarlik.com/wp-content/uploads/2019/03/Küçük-Ofisler-Nasıl-Dekore-Edilmeli-300x227.jpg

Küçük-Ofisler-Nasıl-Dekore-Edilmeli-768x582.jpg

https://www.ucicmimarlik.com/wp-content/uploads/2019/03/Küçük-Ofisler-Nasıl-Dekore-Edilmeli-768x582.jpg

Küçük-Ofisler-Nasıl-Dekore-Edilmeli-540x300.jpg

https://www.ucicmimarlik.com/wp-content/uploads/2019/03/Küçük-Ofisler-Nasıl-Dekore-Edilmeli-540x300.jpg

Küçük-Ofisler-Nasıl-Dekore-Edilmeli-700x466.jpg

https://www.ucicmimarlik.com/wp-content/uploads/2019/03/Küçük-Ofisler-Nasıl-Dekore-Edilmeli-700x466.jpg

Küçük-Ofisler-Nasıl-Dekore-Edilmeli-700x358.jpg

https://www.ucicmimarlik.com/wp-content/uploads/2019/03/Küçük-Ofisler-Nasıl-Dekore-Edilmeli-700x358.jpg

Küçük-Ofisler-Nasıl-Dekore-Edilmeli.jpg

https://www.ucicmimarlik.com/wp-content/uploads/2019/03/Küçük-Ofisler-Nasıl-Dekore-Edilmeli.jpg
