{"id":4710,"date":"2019-03-06T17:12:00","date_gmt":"2019-03-06T14:12:00","guid":{"rendered":"http:\/\/www.ucicmimarlik.com\/wp-content\/uploads\/2019\/03\/Ofis-Dekorasyonu-Nas\u0131l-Olmal\u0131.jpg"},"modified":"2019-03-06T17:12:09","modified_gmt":"2019-03-06T14:12:09","slug":"ofis-dekorasyonu-nasil-olmali-2","status":"inherit","type":"attachment","link":"https:\/\/www.ucicmimarlik.com\/ar\/ofis-dekorasyonu-nasil-olmali-2\/","title":{"rendered":"Ofis Dekorasyonu Nas\u0131l Olmal\u0131"},"author":5,"comment_status":"open","ping_status":"closed","template":"","meta":[],"aioseo_notices":[],"smush":"\u063a\u064a\u0631 \u0645\u0639\u0627\u0644\u062c\u0629","description":{"rendered":"<p class=\"attachment\"><a href='https:\/\/www.ucicmimarlik.com\/wp-content\/uploads\/2019\/03\/Ofis-Dekorasyonu-Nas\u0131l-Olmal\u0131.jpg'><img width=\"300\" height=\"141\" data-src=\"https:\/\/www.ucicmimarlik.com\/wp-content\/uploads\/2019\/03\/Ofis-Dekorasyonu-Nas\u0131l-Olmal\u0131-300x141.jpg\" class=\"attachment-medium size-medium lazyload\" alt=\"\" decoding=\"async\" data-srcset=\"https:\/\/www.ucicmimarlik.com\/wp-content\/uploads\/2019\/03\/Ofis-Dekorasyonu-Nas\u0131l-Olmal\u0131-300x141.jpg 300w, https:\/\/www.ucicmimarlik.com\/wp-content\/uploads\/2019\/03\/Ofis-Dekorasyonu-Nas\u0131l-Olmal\u0131-768x361.jpg 768w, https:\/\/www.ucicmimarlik.com\/wp-content\/uploads\/2019\/03\/Ofis-Dekorasyonu-Nas\u0131l-Olmal\u0131.jpg 900w\" data-sizes=\"(max-width: 300px) 100vw, 300px\" src=\"data:image\/gif;base64,R0lGODlhAQABAAAAACH5BAEKAAEALAAAAAABAAEAAAICTAEAOw==\" style=\"--smush-placeholder-width: 300px; --smush-placeholder-aspect-ratio: 300\/141;\" \/><noscript><img width=\"300\" height=\"141\" src=\"https:\/\/www.ucicmimarlik.com\/wp-content\/uploads\/2019\/03\/Ofis-Dekorasyonu-Nas\u0131l-Olmal\u0131-300x141.jpg\" class=\"attachment-medium size-medium\" alt=\"\" decoding=\"async\" srcset=\"https:\/\/www.ucicmimarlik.com\/wp-content\/uploads\/2019\/03\/Ofis-Dekorasyonu-Nas\u0131l-Olmal\u0131-300x141.jpg 300w, https:\/\/www.ucicmimarlik.com\/wp-content\/uploads\/2019\/03\/Ofis-Dekorasyonu-Nas\u0131l-Olmal\u0131-768x361.jpg 768w, https:\/\/www.ucicmimarlik.com\/wp-content\/uploads\/2019\/03\/Ofis-Dekorasyonu-Nas\u0131l-Olmal\u0131.jpg 900w\" sizes=\"(max-width: 300px) 100vw, 300px\" \/><\/noscript><\/a><\/p>\n"},"caption":{"rendered":"<p>Ofis Dekorasyonu Nas\u0131l Olmal\u0131<\/p>\n"},"alt_text":"","media_type":"image","mime_type":"image\/jpeg","media_details":{"width":900,"height":423,"file":"2019\/03\/Ofis-Dekorasyonu-Nas\u0131l-Olmal\u0131.jpg","sizes":{"thumbnail":{"file":"Ofis-Dekorasyonu-Nas\u0131l-Olmal\u0131-150x150.jpg","width":150,"height":150,"mime_type":"image\/jpeg","source_url":"https:\/\/www.ucicmimarlik.com\/wp-content\/uploads\/2019\/03\/Ofis-Dekorasyonu-Nas\u0131l-Olmal\u0131-150x150.jpg"},"medium":{"file":"Ofis-Dekorasyonu-Nas\u0131l-Olmal\u0131-300x141.jpg","width":300,"height":141,"mime_type":"image\/jpeg","source_url":"https:\/\/www.ucicmimarlik.com\/wp-content\/uploads\/2019\/03\/Ofis-Dekorasyonu-Nas\u0131l-Olmal\u0131-300x141.jpg"},"medium_large":{"file":"Ofis-Dekorasyonu-Nas\u0131l-Olmal\u0131-768x361.jpg","width":768,"height":361,"mime_type":"image\/jpeg","source_url":"https:\/\/www.ucicmimarlik.com\/wp-content\/uploads\/2019\/03\/Ofis-Dekorasyonu-Nas\u0131l-Olmal\u0131-768x361.jpg"},"thumb-blog":{"file":"Ofis-Dekorasyonu-Nas\u0131l-Olmal\u0131-540x300.jpg","width":540,"height":300,"mime_type":"image\/jpeg","source_url":"https:\/\/www.ucicmimarlik.com\/wp-content\/uploads\/2019\/03\/Ofis-Dekorasyonu-Nas\u0131l-Olmal\u0131-540x300.jpg"},"thumb-portfolio":{"file":"Ofis-Dekorasyonu-Nas\u0131l-Olmal\u0131-700x423.jpg","width":700,"height":423,"mime_type":"image\/jpeg","source_url":"https:\/\/www.ucicmimarlik.com\/wp-content\/uploads\/2019\/03\/Ofis-Dekorasyonu-Nas\u0131l-Olmal\u0131-700x423.jpg"},"thumb-service":{"file":"Ofis-Dekorasyonu-Nas\u0131l-Olmal\u0131-700x358.jpg","width":700,"height":358,"mime_type":"image\/jpeg","source_url":"https:\/\/www.ucicmimarlik.com\/wp-content\/uploads\/2019\/03\/Ofis-Dekorasyonu-Nas\u0131l-Olmal\u0131-700x358.jpg"},"full":{"file":"Ofis-Dekorasyonu-Nas\u0131l-Olmal\u0131.jpg","width":900,"height":423,"mime_type":"image\/jpeg","source_url":"https:\/\/www.ucicmimarlik.com\/wp-content\/uploads\/2019\/03\/Ofis-Dekorasyonu-Nas\u0131l-Olmal\u0131.jpg"}},"image_meta":{"aperture":"0","credit":"","camera":"","caption":"","created_timestamp":"0","copyright":"","focal_length":"0","iso":"0","shutter_speed":"0","title":"","orientation":"0","keywords":[]}},"post":null,"source_url":"https:\/\/www.ucicmimarlik.com\/wp-content\/uploads\/2019\/03\/Ofis-Dekorasyonu-Nas\u0131l-Olmal\u0131.jpg","_links":{"self":[{"href":"https:\/\/www.ucicmimarlik.com\/ar\/wp-json\/wp\/v2\/media\/4710"}],"collection":[{"href":"https:\/\/www.ucicmimarlik.com\/ar\/wp-json\/wp\/v2\/media"}],"about":[{"href":"https:\/\/www.ucicmimarlik.com\/ar\/wp-json\/wp\/v2\/types\/attachment"}],"author":[{"embeddable":true,"href":"https:\/\/www.ucicmimarlik.com\/ar\/wp-json\/wp\/v2\/users\/5"}],"replies":[{"embeddable":true,"href":"https:\/\/www.ucicmimarlik.com\/ar\/wp-json\/wp\/v2\/comments?post=4710"}]}}

http://www.ucicmimarlik.com/wp-content/uploads/2019/03/Ofis-Dekorasyonu-Nasıl-Olmalı.jpg

Ofis Dekorasyonu Nasıl Olmalı

غير معالجة

<p class="attachment"><a href='https://www.ucicmimarlik.com/wp-content/uploads/2019/03/Ofis-Dekorasyonu-Nasıl-Olmalı.jpg'><img width="300" height="141" data-src="https://www.ucicmimarlik.com/wp-content/uploads/2019/03/Ofis-Dekorasyonu-Nasıl-Olmalı-300x141.jpg" class="attachment-medium size-medium lazyload" alt="" decoding="async" data-srcset="https://www.ucicmimarlik.com/wp-content/uploads/2019/03/Ofis-Dekorasyonu-Nasıl-Olmalı-300x141.jpg 300w, https://www.ucicmimarlik.com/wp-content/uploads/2019/03/Ofis-Dekorasyonu-Nasıl-Olmalı-768x361.jpg 768w, https://www.ucicmimarlik.com/wp-content/uploads/2019/03/Ofis-Dekorasyonu-Nasıl-Olmalı.jpg 900w" data-sizes="(max-width: 300px) 100vw, 300px" src="data:image/gif;base64,R0lGODlhAQABAAAAACH5BAEKAAEALAAAAAABAAEAAAICTAEAOw==" style="--smush-placeholder-width: 300px; --smush-placeholder-aspect-ratio: 300/141;" /><noscript><img width="300" height="141" src="https://www.ucicmimarlik.com/wp-content/uploads/2019/03/Ofis-Dekorasyonu-Nasıl-Olmalı-300x141.jpg" class="attachment-medium size-medium" alt="" decoding="async" srcset="https://www.ucicmimarlik.com/wp-content/uploads/2019/03/Ofis-Dekorasyonu-Nasıl-Olmalı-300x141.jpg 300w, https://www.ucicmimarlik.com/wp-content/uploads/2019/03/Ofis-Dekorasyonu-Nasıl-Olmalı-768x361.jpg 768w, https://www.ucicmimarlik.com/wp-content/uploads/2019/03/Ofis-Dekorasyonu-Nasıl-Olmalı.jpg 900w" sizes="(max-width: 300px) 100vw, 300px" /></noscript></a></p>

<p>Ofis Dekorasyonu Nasıl Olmalı</p>

2019/03/Ofis-Dekorasyonu-Nasıl-Olmalı.jpg

Ofis-Dekorasyonu-Nasıl-Olmalı-150x150.jpg

https://www.ucicmimarlik.com/wp-content/uploads/2019/03/Ofis-Dekorasyonu-Nasıl-Olmalı-150x150.jpg

Ofis-Dekorasyonu-Nasıl-Olmalı-300x141.jpg

https://www.ucicmimarlik.com/wp-content/uploads/2019/03/Ofis-Dekorasyonu-Nasıl-Olmalı-300x141.jpg

Ofis-Dekorasyonu-Nasıl-Olmalı-768x361.jpg

https://www.ucicmimarlik.com/wp-content/uploads/2019/03/Ofis-Dekorasyonu-Nasıl-Olmalı-768x361.jpg

Ofis-Dekorasyonu-Nasıl-Olmalı-540x300.jpg

https://www.ucicmimarlik.com/wp-content/uploads/2019/03/Ofis-Dekorasyonu-Nasıl-Olmalı-540x300.jpg

Ofis-Dekorasyonu-Nasıl-Olmalı-700x423.jpg

https://www.ucicmimarlik.com/wp-content/uploads/2019/03/Ofis-Dekorasyonu-Nasıl-Olmalı-700x423.jpg

Ofis-Dekorasyonu-Nasıl-Olmalı-700x358.jpg

https://www.ucicmimarlik.com/wp-content/uploads/2019/03/Ofis-Dekorasyonu-Nasıl-Olmalı-700x358.jpg

Ofis-Dekorasyonu-Nasıl-Olmalı.jpg

https://www.ucicmimarlik.com/wp-content/uploads/2019/03/Ofis-Dekorasyonu-Nasıl-Olmalı.jpg
