{"id":4694,"date":"2019-03-04T17:51:18","date_gmt":"2019-03-04T14:51:18","guid":{"rendered":"http:\/\/www.ucicmimarlik.com\/wp-content\/uploads\/2019\/03\/Dekorasyonda-Renk-Se\u00e7imi-Nas\u0131l-Olmal\u0131.jpg"},"modified":"2019-03-04T17:51:32","modified_gmt":"2019-03-04T14:51:32","slug":"dekorasyonda-renk-secimi-nasil-olmali","status":"inherit","type":"attachment","link":"https:\/\/www.ucicmimarlik.com\/ar\/dekorasyonda-renk-secimi-nasil-olmali\/","title":{"rendered":"Dekorasyonda Renk Se\u00e7imi Nas\u0131l Olmal\u0131"},"author":5,"comment_status":"open","ping_status":"closed","template":"","meta":[],"aioseo_notices":[],"smush":"\u063a\u064a\u0631 \u0645\u0639\u0627\u0644\u062c\u0629","description":{"rendered":"<p class=\"attachment\"><a href='https:\/\/www.ucicmimarlik.com\/wp-content\/uploads\/2019\/03\/Dekorasyonda-Renk-Se\u00e7imi-Nas\u0131l-Olmal\u0131.jpg'><img width=\"300\" height=\"146\" data-src=\"https:\/\/www.ucicmimarlik.com\/wp-content\/uploads\/2019\/03\/Dekorasyonda-Renk-Se\u00e7imi-Nas\u0131l-Olmal\u0131-300x146.jpg\" class=\"attachment-medium size-medium lazyload\" alt=\"\" decoding=\"async\" data-srcset=\"https:\/\/www.ucicmimarlik.com\/wp-content\/uploads\/2019\/03\/Dekorasyonda-Renk-Se\u00e7imi-Nas\u0131l-Olmal\u0131-300x146.jpg 300w, https:\/\/www.ucicmimarlik.com\/wp-content\/uploads\/2019\/03\/Dekorasyonda-Renk-Se\u00e7imi-Nas\u0131l-Olmal\u0131.jpg 700w\" data-sizes=\"(max-width: 300px) 100vw, 300px\" src=\"data:image\/gif;base64,R0lGODlhAQABAAAAACH5BAEKAAEALAAAAAABAAEAAAICTAEAOw==\" style=\"--smush-placeholder-width: 300px; --smush-placeholder-aspect-ratio: 300\/146;\" \/><noscript><img width=\"300\" height=\"146\" src=\"https:\/\/www.ucicmimarlik.com\/wp-content\/uploads\/2019\/03\/Dekorasyonda-Renk-Se\u00e7imi-Nas\u0131l-Olmal\u0131-300x146.jpg\" class=\"attachment-medium size-medium\" alt=\"\" decoding=\"async\" srcset=\"https:\/\/www.ucicmimarlik.com\/wp-content\/uploads\/2019\/03\/Dekorasyonda-Renk-Se\u00e7imi-Nas\u0131l-Olmal\u0131-300x146.jpg 300w, https:\/\/www.ucicmimarlik.com\/wp-content\/uploads\/2019\/03\/Dekorasyonda-Renk-Se\u00e7imi-Nas\u0131l-Olmal\u0131.jpg 700w\" sizes=\"(max-width: 300px) 100vw, 300px\" \/><\/noscript><\/a><\/p>\n"},"caption":{"rendered":"<p>Dekorasyonda Renk Se\u00e7imi Nas\u0131l Olmal\u0131<\/p>\n"},"alt_text":"","media_type":"image","mime_type":"image\/jpeg","media_details":{"width":700,"height":340,"file":"2019\/03\/Dekorasyonda-Renk-Se\u00e7imi-Nas\u0131l-Olmal\u0131.jpg","sizes":{"thumbnail":{"file":"Dekorasyonda-Renk-Se\u00e7imi-Nas\u0131l-Olmal\u0131-150x150.jpg","width":150,"height":150,"mime_type":"image\/jpeg","source_url":"https:\/\/www.ucicmimarlik.com\/wp-content\/uploads\/2019\/03\/Dekorasyonda-Renk-Se\u00e7imi-Nas\u0131l-Olmal\u0131-150x150.jpg"},"medium":{"file":"Dekorasyonda-Renk-Se\u00e7imi-Nas\u0131l-Olmal\u0131-300x146.jpg","width":300,"height":146,"mime_type":"image\/jpeg","source_url":"https:\/\/www.ucicmimarlik.com\/wp-content\/uploads\/2019\/03\/Dekorasyonda-Renk-Se\u00e7imi-Nas\u0131l-Olmal\u0131-300x146.jpg"},"thumb-blog":{"file":"Dekorasyonda-Renk-Se\u00e7imi-Nas\u0131l-Olmal\u0131-540x300.jpg","width":540,"height":300,"mime_type":"image\/jpeg","source_url":"https:\/\/www.ucicmimarlik.com\/wp-content\/uploads\/2019\/03\/Dekorasyonda-Renk-Se\u00e7imi-Nas\u0131l-Olmal\u0131-540x300.jpg"},"thumb-portfolio":{"file":"Dekorasyonda-Renk-Se\u00e7imi-Nas\u0131l-Olmal\u0131-700x340.jpg","width":700,"height":340,"mime_type":"image\/jpeg","source_url":"https:\/\/www.ucicmimarlik.com\/wp-content\/uploads\/2019\/03\/Dekorasyonda-Renk-Se\u00e7imi-Nas\u0131l-Olmal\u0131-700x340.jpg"},"thumb-service":{"file":"Dekorasyonda-Renk-Se\u00e7imi-Nas\u0131l-Olmal\u0131-700x340.jpg","width":700,"height":340,"mime_type":"image\/jpeg","source_url":"https:\/\/www.ucicmimarlik.com\/wp-content\/uploads\/2019\/03\/Dekorasyonda-Renk-Se\u00e7imi-Nas\u0131l-Olmal\u0131-700x340.jpg"},"full":{"file":"Dekorasyonda-Renk-Se\u00e7imi-Nas\u0131l-Olmal\u0131.jpg","width":700,"height":340,"mime_type":"image\/jpeg","source_url":"https:\/\/www.ucicmimarlik.com\/wp-content\/uploads\/2019\/03\/Dekorasyonda-Renk-Se\u00e7imi-Nas\u0131l-Olmal\u0131.jpg"}},"image_meta":{"aperture":"0","credit":"","camera":"","caption":"","created_timestamp":"0","copyright":"","focal_length":"0","iso":"0","shutter_speed":"0","title":"","orientation":"0","keywords":[]}},"post":null,"source_url":"https:\/\/www.ucicmimarlik.com\/wp-content\/uploads\/2019\/03\/Dekorasyonda-Renk-Se\u00e7imi-Nas\u0131l-Olmal\u0131.jpg","_links":{"self":[{"href":"https:\/\/www.ucicmimarlik.com\/ar\/wp-json\/wp\/v2\/media\/4694"}],"collection":[{"href":"https:\/\/www.ucicmimarlik.com\/ar\/wp-json\/wp\/v2\/media"}],"about":[{"href":"https:\/\/www.ucicmimarlik.com\/ar\/wp-json\/wp\/v2\/types\/attachment"}],"author":[{"embeddable":true,"href":"https:\/\/www.ucicmimarlik.com\/ar\/wp-json\/wp\/v2\/users\/5"}],"replies":[{"embeddable":true,"href":"https:\/\/www.ucicmimarlik.com\/ar\/wp-json\/wp\/v2\/comments?post=4694"}]}}

http://www.ucicmimarlik.com/wp-content/uploads/2019/03/Dekorasyonda-Renk-Seçimi-Nasıl-Olmalı.jpg

Dekorasyonda Renk Seçimi Nasıl Olmalı

غير معالجة

<p class="attachment"><a href='https://www.ucicmimarlik.com/wp-content/uploads/2019/03/Dekorasyonda-Renk-Seçimi-Nasıl-Olmalı.jpg'><img width="300" height="146" data-src="https://www.ucicmimarlik.com/wp-content/uploads/2019/03/Dekorasyonda-Renk-Seçimi-Nasıl-Olmalı-300x146.jpg" class="attachment-medium size-medium lazyload" alt="" decoding="async" data-srcset="https://www.ucicmimarlik.com/wp-content/uploads/2019/03/Dekorasyonda-Renk-Seçimi-Nasıl-Olmalı-300x146.jpg 300w, https://www.ucicmimarlik.com/wp-content/uploads/2019/03/Dekorasyonda-Renk-Seçimi-Nasıl-Olmalı.jpg 700w" data-sizes="(max-width: 300px) 100vw, 300px" src="data:image/gif;base64,R0lGODlhAQABAAAAACH5BAEKAAEALAAAAAABAAEAAAICTAEAOw==" style="--smush-placeholder-width: 300px; --smush-placeholder-aspect-ratio: 300/146;" /><noscript><img width="300" height="146" src="https://www.ucicmimarlik.com/wp-content/uploads/2019/03/Dekorasyonda-Renk-Seçimi-Nasıl-Olmalı-300x146.jpg" class="attachment-medium size-medium" alt="" decoding="async" srcset="https://www.ucicmimarlik.com/wp-content/uploads/2019/03/Dekorasyonda-Renk-Seçimi-Nasıl-Olmalı-300x146.jpg 300w, https://www.ucicmimarlik.com/wp-content/uploads/2019/03/Dekorasyonda-Renk-Seçimi-Nasıl-Olmalı.jpg 700w" sizes="(max-width: 300px) 100vw, 300px" /></noscript></a></p>

<p>Dekorasyonda Renk Seçimi Nasıl Olmalı</p>

2019/03/Dekorasyonda-Renk-Seçimi-Nasıl-Olmalı.jpg

Dekorasyonda-Renk-Seçimi-Nasıl-Olmalı-150x150.jpg

https://www.ucicmimarlik.com/wp-content/uploads/2019/03/Dekorasyonda-Renk-Seçimi-Nasıl-Olmalı-150x150.jpg

Dekorasyonda-Renk-Seçimi-Nasıl-Olmalı-300x146.jpg

https://www.ucicmimarlik.com/wp-content/uploads/2019/03/Dekorasyonda-Renk-Seçimi-Nasıl-Olmalı-300x146.jpg

Dekorasyonda-Renk-Seçimi-Nasıl-Olmalı-540x300.jpg

https://www.ucicmimarlik.com/wp-content/uploads/2019/03/Dekorasyonda-Renk-Seçimi-Nasıl-Olmalı-540x300.jpg

Dekorasyonda-Renk-Seçimi-Nasıl-Olmalı-700x340.jpg

https://www.ucicmimarlik.com/wp-content/uploads/2019/03/Dekorasyonda-Renk-Seçimi-Nasıl-Olmalı-700x340.jpg

Dekorasyonda-Renk-Seçimi-Nasıl-Olmalı.jpg

https://www.ucicmimarlik.com/wp-content/uploads/2019/03/Dekorasyonda-Renk-Seçimi-Nasıl-Olmalı.jpg
