{"id":4051,"date":"2018-05-21T03:18:12","date_gmt":"2018-05-21T00:18:12","guid":{"rendered":"http:\/\/www.ucicmimarlik.com\/wp-content\/uploads\/2018\/05\/ata\u015fehir-daire-ev-dekorasyonu-3.jpg"},"modified":"2018-05-22T02:16:03","modified_gmt":"2018-05-21T23:16:03","slug":"atasehir-daire-ev-dekorasyonu-3","status":"inherit","type":"attachment","link":"https:\/\/www.ucicmimarlik.com\/ar\/atasehir-daire-ev-dekorasyonu-3\/","title":{"rendered":"ata\u015fehir daire ev dekorasyonu 3"},"author":1,"comment_status":"open","ping_status":"closed","template":"","meta":[],"aioseo_notices":[],"smush":{"stats":{"percent":5.086932282280335,"bytes":15694,"size_before":308516,"size_after":292822,"time":0.12,"api_version":"1.0","lossy":false,"keep_exif":0},"sizes":{"thumbnail":{"percent":6.71,"bytes":579,"size_before":8633,"size_after":8054,"time":0.01},"medium":{"percent":6.23,"bytes":1068,"size_before":17134,"size_after":16066,"time":0.01},"medium_large":{"percent":4.62,"bytes":3751,"size_before":81196,"size_after":77445,"time":0.03},"thumb-blog":{"percent":5.21,"bytes":2396,"size_before":45988,"size_after":43592,"time":0.01},"thumb-portfolio":{"percent":5.09,"bytes":4543,"size_before":89194,"size_after":84651,"time":0.02},"thumb-service":{"percent":5.06,"bytes":3357,"size_before":66371,"size_after":63014,"time":0.04}}},"description":{"rendered":"<p class=\"attachment\"><a href='https:\/\/www.ucicmimarlik.com\/wp-content\/uploads\/2018\/05\/ata\u015fehir-daire-ev-dekorasyonu-3.jpg'><img fetchpriority=\"high\" width=\"300\" height=\"169\" src=\"https:\/\/www.ucicmimarlik.com\/wp-content\/uploads\/2018\/05\/ata\u015fehir-daire-ev-dekorasyonu-3-300x169.jpg\" class=\"attachment-medium size-medium\" alt=\"\" decoding=\"async\" srcset=\"https:\/\/www.ucicmimarlik.com\/wp-content\/uploads\/2018\/05\/ata\u015fehir-daire-ev-dekorasyonu-3-300x169.jpg 300w, https:\/\/www.ucicmimarlik.com\/wp-content\/uploads\/2018\/05\/ata\u015fehir-daire-ev-dekorasyonu-3-768x432.jpg 768w, https:\/\/www.ucicmimarlik.com\/wp-content\/uploads\/2018\/05\/ata\u015fehir-daire-ev-dekorasyonu-3.jpg 800w\" sizes=\"(max-width: 300px) 100vw, 300px\" \/><\/a><\/p>\n"},"caption":{"rendered":"<p>i\u00e7 mimar Ata\u015fehir tasar\u0131mlar\u0131<\/p>\n"},"alt_text":"","media_type":"image","mime_type":"image\/jpeg","media_details":{"width":800,"height":450,"file":"2018\/05\/ata\u015fehir-daire-ev-dekorasyonu-3.jpg","sizes":{"thumbnail":{"file":"ata\u015fehir-daire-ev-dekorasyonu-3-150x150.jpg","width":150,"height":150,"mime_type":"image\/jpeg","source_url":"https:\/\/www.ucicmimarlik.com\/wp-content\/uploads\/2018\/05\/ata\u015fehir-daire-ev-dekorasyonu-3-150x150.jpg"},"medium":{"file":"ata\u015fehir-daire-ev-dekorasyonu-3-300x169.jpg","width":300,"height":169,"mime_type":"image\/jpeg","source_url":"https:\/\/www.ucicmimarlik.com\/wp-content\/uploads\/2018\/05\/ata\u015fehir-daire-ev-dekorasyonu-3-300x169.jpg"},"medium_large":{"file":"ata\u015fehir-daire-ev-dekorasyonu-3-768x432.jpg","width":768,"height":432,"mime_type":"image\/jpeg","source_url":"https:\/\/www.ucicmimarlik.com\/wp-content\/uploads\/2018\/05\/ata\u015fehir-daire-ev-dekorasyonu-3-768x432.jpg"},"thumb-blog":{"file":"ata\u015fehir-daire-ev-dekorasyonu-3-540x300.jpg","width":540,"height":300,"mime_type":"image\/jpeg","source_url":"https:\/\/www.ucicmimarlik.com\/wp-content\/uploads\/2018\/05\/ata\u015fehir-daire-ev-dekorasyonu-3-540x300.jpg"},"thumb-portfolio":{"file":"ata\u015fehir-daire-ev-dekorasyonu-3-700x450.jpg","width":700,"height":450,"mime_type":"image\/jpeg","source_url":"https:\/\/www.ucicmimarlik.com\/wp-content\/uploads\/2018\/05\/ata\u015fehir-daire-ev-dekorasyonu-3-700x450.jpg"},"thumb-service":{"file":"ata\u015fehir-daire-ev-dekorasyonu-3-700x358.jpg","width":700,"height":358,"mime_type":"image\/jpeg","source_url":"https:\/\/www.ucicmimarlik.com\/wp-content\/uploads\/2018\/05\/ata\u015fehir-daire-ev-dekorasyonu-3-700x358.jpg"},"full":{"file":"ata\u015fehir-daire-ev-dekorasyonu-3.jpg","width":800,"height":450,"mime_type":"image\/jpeg","source_url":"https:\/\/www.ucicmimarlik.com\/wp-content\/uploads\/2018\/05\/ata\u015fehir-daire-ev-dekorasyonu-3.jpg"}},"image_meta":{"aperture":"0","credit":"","camera":"","caption":"","created_timestamp":"0","copyright":"","focal_length":"0","iso":"0","shutter_speed":"0","title":"","orientation":"1","keywords":[]}},"post":null,"source_url":"https:\/\/www.ucicmimarlik.com\/wp-content\/uploads\/2018\/05\/ata\u015fehir-daire-ev-dekorasyonu-3.jpg","_links":{"self":[{"href":"https:\/\/www.ucicmimarlik.com\/ar\/wp-json\/wp\/v2\/media\/4051"}],"collection":[{"href":"https:\/\/www.ucicmimarlik.com\/ar\/wp-json\/wp\/v2\/media"}],"about":[{"href":"https:\/\/www.ucicmimarlik.com\/ar\/wp-json\/wp\/v2\/types\/attachment"}],"author":[{"embeddable":true,"href":"https:\/\/www.ucicmimarlik.com\/ar\/wp-json\/wp\/v2\/users\/1"}],"replies":[{"embeddable":true,"href":"https:\/\/www.ucicmimarlik.com\/ar\/wp-json\/wp\/v2\/comments?post=4051"}]}}

http://www.ucicmimarlik.com/wp-content/uploads/2018/05/ataşehir-daire-ev-dekorasyonu-3.jpg

ataşehir daire ev dekorasyonu 3

<p class="attachment"><a href='https://www.ucicmimarlik.com/wp-content/uploads/2018/05/ataşehir-daire-ev-dekorasyonu-3.jpg'><img fetchpriority="high" width="300" height="169" src="https://www.ucicmimarlik.com/wp-content/uploads/2018/05/ataşehir-daire-ev-dekorasyonu-3-300x169.jpg" class="attachment-medium size-medium" alt="" decoding="async" srcset="https://www.ucicmimarlik.com/wp-content/uploads/2018/05/ataşehir-daire-ev-dekorasyonu-3-300x169.jpg 300w, https://www.ucicmimarlik.com/wp-content/uploads/2018/05/ataşehir-daire-ev-dekorasyonu-3-768x432.jpg 768w, https://www.ucicmimarlik.com/wp-content/uploads/2018/05/ataşehir-daire-ev-dekorasyonu-3.jpg 800w" sizes="(max-width: 300px) 100vw, 300px" /></a></p>

<p>iç mimar Ataşehir tasarımları</p>

2018/05/ataşehir-daire-ev-dekorasyonu-3.jpg

ataşehir-daire-ev-dekorasyonu-3-150x150.jpg

https://www.ucicmimarlik.com/wp-content/uploads/2018/05/ataşehir-daire-ev-dekorasyonu-3-150x150.jpg

ataşehir-daire-ev-dekorasyonu-3-300x169.jpg

https://www.ucicmimarlik.com/wp-content/uploads/2018/05/ataşehir-daire-ev-dekorasyonu-3-300x169.jpg

ataşehir-daire-ev-dekorasyonu-3-768x432.jpg

https://www.ucicmimarlik.com/wp-content/uploads/2018/05/ataşehir-daire-ev-dekorasyonu-3-768x432.jpg

ataşehir-daire-ev-dekorasyonu-3-540x300.jpg

https://www.ucicmimarlik.com/wp-content/uploads/2018/05/ataşehir-daire-ev-dekorasyonu-3-540x300.jpg

ataşehir-daire-ev-dekorasyonu-3-700x450.jpg

https://www.ucicmimarlik.com/wp-content/uploads/2018/05/ataşehir-daire-ev-dekorasyonu-3-700x450.jpg

ataşehir-daire-ev-dekorasyonu-3-700x358.jpg

https://www.ucicmimarlik.com/wp-content/uploads/2018/05/ataşehir-daire-ev-dekorasyonu-3-700x358.jpg

ataşehir-daire-ev-dekorasyonu-3.jpg

https://www.ucicmimarlik.com/wp-content/uploads/2018/05/ataşehir-daire-ev-dekorasyonu-3.jpg
